{"id":50,"date":"2023-01-26T08:32:41","date_gmt":"2023-01-26T07:32:41","guid":{"rendered":"https:\/\/leda158.eu\/?page_id=50"},"modified":"2023-02-09T15:08:24","modified_gmt":"2023-02-09T14:08:24","slug":"blizsza-i-dalsza-rodzina","status":"publish","type":"page","link":"https:\/\/leda158.eu\/?page_id=50","title":{"rendered":"Bli\u017csza i dalsza rodzina"},"content":{"rendered":"\n<div class=\"wp-block-columns is-layout-flex wp-container-core-columns-is-layout-28f84493 wp-block-columns-is-layout-flex\">\n<div class=\"wp-block-column is-layout-flow wp-block-column-is-layout-flow\" style=\"flex-basis:33.33%\">\n<figure class=\"wp-block-image size-full\"><img loading=\"lazy\" decoding=\"async\" width=\"556\" height=\"741\" src=\"https:\/\/leda158.eu\/wp-content\/uploads\/2023\/01\/IMG-20190816-WA0007.jpg\" alt=\"\" class=\"wp-image-212\" srcset=\"https:\/\/leda158.eu\/wp-content\/uploads\/2023\/01\/IMG-20190816-WA0007.jpg 556w, https:\/\/leda158.eu\/wp-content\/uploads\/2023\/01\/IMG-20190816-WA0007-225x300.jpg 225w\" sizes=\"auto, (max-width: 556px) 100vw, 556px\" \/><\/figure>\n<\/div>\n\n\n\n<div class=\"wp-block-column is-layout-flow wp-block-column-is-layout-flow\" style=\"flex-basis:66.66%\">\n<figure class=\"wp-block-image size-full\"><img loading=\"lazy\" decoding=\"async\" width=\"800\" height=\"537\" src=\"https:\/\/leda158.eu\/wp-content\/uploads\/2023\/01\/img047.jpg\" alt=\"\" class=\"wp-image-213\" srcset=\"https:\/\/leda158.eu\/wp-content\/uploads\/2023\/01\/img047.jpg 800w, https:\/\/leda158.eu\/wp-content\/uploads\/2023\/01\/img047-300x201.jpg 300w, https:\/\/leda158.eu\/wp-content\/uploads\/2023\/01\/img047-768x516.jpg 768w\" sizes=\"auto, (max-width: 800px) 100vw, 800px\" \/><\/figure>\n<\/div>\n<\/div>\n\n\n\n<p>S\u0142awka &#8211; lubi Serwy i muzyk\u0119.<\/p>\n\n\n\n<figure class=\"wp-block-image size-full\"><img loading=\"lazy\" decoding=\"async\" width=\"800\" height=\"537\" src=\"https:\/\/leda158.eu\/wp-content\/uploads\/2023\/01\/kucyk.jpg\" alt=\"\" class=\"wp-image-215\" srcset=\"https:\/\/leda158.eu\/wp-content\/uploads\/2023\/01\/kucyk.jpg 800w, https:\/\/leda158.eu\/wp-content\/uploads\/2023\/01\/kucyk-300x201.jpg 300w, https:\/\/leda158.eu\/wp-content\/uploads\/2023\/01\/kucyk-768x516.jpg 768w\" sizes=\"auto, (max-width: 800px) 100vw, 800px\" \/><\/figure>\n\n\n\n<p>Dalekie wspomnienia z Daszewa.<\/p>\n\n\n\n<div class=\"wp-block-columns is-layout-flex wp-container-core-columns-is-layout-28f84493 wp-block-columns-is-layout-flex\">\n<div class=\"wp-block-column is-layout-flow wp-block-column-is-layout-flow\" style=\"flex-basis:33.33%\">\n<figure class=\"wp-block-image size-full\"><img loading=\"lazy\" decoding=\"async\" width=\"524\" height=\"800\" src=\"https:\/\/leda158.eu\/wp-content\/uploads\/2023\/01\/img861.jpg\" alt=\"\" class=\"wp-image-216\" srcset=\"https:\/\/leda158.eu\/wp-content\/uploads\/2023\/01\/img861.jpg 524w, https:\/\/leda158.eu\/wp-content\/uploads\/2023\/01\/img861-197x300.jpg 197w\" sizes=\"auto, (max-width: 524px) 100vw, 524px\" \/><\/figure>\n<\/div>\n\n\n\n<div class=\"wp-block-column is-layout-flow wp-block-column-is-layout-flow\" style=\"flex-basis:66.66%\">\n<figure class=\"wp-block-image size-full\"><img loading=\"lazy\" decoding=\"async\" width=\"800\" height=\"600\" src=\"https:\/\/leda158.eu\/wp-content\/uploads\/2023\/01\/2006_img_0043.jpg\" alt=\"\" class=\"wp-image-217\" srcset=\"https:\/\/leda158.eu\/wp-content\/uploads\/2023\/01\/2006_img_0043.jpg 800w, https:\/\/leda158.eu\/wp-content\/uploads\/2023\/01\/2006_img_0043-300x225.jpg 300w, https:\/\/leda158.eu\/wp-content\/uploads\/2023\/01\/2006_img_0043-768x576.jpg 768w\" sizes=\"auto, (max-width: 800px) 100vw, 800px\" \/><\/figure>\n<\/div>\n<\/div>\n\n\n\n<p>Starszy brat Wojtek z Ul\u0105 i Magd\u0105.<\/p>\n\n\n\n<div class=\"wp-block-columns is-layout-flex wp-container-core-columns-is-layout-28f84493 wp-block-columns-is-layout-flex\">\n<div class=\"wp-block-column is-layout-flow wp-block-column-is-layout-flow\">\n<figure class=\"wp-block-image size-full\"><img loading=\"lazy\" decoding=\"async\" width=\"800\" height=\"600\" src=\"https:\/\/leda158.eu\/wp-content\/uploads\/2023\/01\/2006_Stasia-z-Jozkiem.jpg\" alt=\"\" class=\"wp-image-218\" srcset=\"https:\/\/leda158.eu\/wp-content\/uploads\/2023\/01\/2006_Stasia-z-Jozkiem.jpg 800w, https:\/\/leda158.eu\/wp-content\/uploads\/2023\/01\/2006_Stasia-z-Jozkiem-300x225.jpg 300w, https:\/\/leda158.eu\/wp-content\/uploads\/2023\/01\/2006_Stasia-z-Jozkiem-768x576.jpg 768w\" sizes=\"auto, (max-width: 800px) 100vw, 800px\" \/><\/figure>\n<\/div>\n\n\n\n<div class=\"wp-block-column is-layout-flow wp-block-column-is-layout-flow\">\n<figure class=\"wp-block-image size-full\"><img loading=\"lazy\" decoding=\"async\" width=\"800\" height=\"600\" src=\"https:\/\/leda158.eu\/wp-content\/uploads\/2023\/01\/2009_IMG_2691.jpg\" alt=\"\" class=\"wp-image-219\" srcset=\"https:\/\/leda158.eu\/wp-content\/uploads\/2023\/01\/2009_IMG_2691.jpg 800w, https:\/\/leda158.eu\/wp-content\/uploads\/2023\/01\/2009_IMG_2691-300x225.jpg 300w, https:\/\/leda158.eu\/wp-content\/uploads\/2023\/01\/2009_IMG_2691-768x576.jpg 768w\" sizes=\"auto, (max-width: 800px) 100vw, 800px\" \/><\/figure>\n<\/div>\n<\/div>\n\n\n\n<p>M\u0142odszy brat J\u00f3zek ze Stasi\u0105, obok dzieci &#8211; Maciek, Piotrek i Ola (i Hania Dziubi\u0144ska).<\/p>\n\n\n\n<div class=\"wp-block-columns is-layout-flex wp-container-core-columns-is-layout-28f84493 wp-block-columns-is-layout-flex\">\n<div class=\"wp-block-column is-layout-flow wp-block-column-is-layout-flow\">\n<figure class=\"wp-block-image size-full\"><img loading=\"lazy\" decoding=\"async\" width=\"500\" height=\"723\" src=\"https:\/\/leda158.eu\/wp-content\/uploads\/2023\/01\/2006_Dziadek-w-altanie.jpg\" alt=\"\" class=\"wp-image-220\" srcset=\"https:\/\/leda158.eu\/wp-content\/uploads\/2023\/01\/2006_Dziadek-w-altanie.jpg 500w, https:\/\/leda158.eu\/wp-content\/uploads\/2023\/01\/2006_Dziadek-w-altanie-207x300.jpg 207w\" sizes=\"auto, (max-width: 500px) 100vw, 500px\" \/><figcaption class=\"wp-element-caption\">Dziadek Dziubi\u0144ski<\/figcaption><\/figure>\n<\/div>\n\n\n\n<div class=\"wp-block-column is-layout-flow wp-block-column-is-layout-flow\">\n<figure class=\"wp-block-image size-full\"><img loading=\"lazy\" decoding=\"async\" width=\"556\" height=\"741\" src=\"https:\/\/leda158.eu\/wp-content\/uploads\/2023\/01\/IMG-20200512-WA0006.jpg\" alt=\"\" class=\"wp-image-221\" srcset=\"https:\/\/leda158.eu\/wp-content\/uploads\/2023\/01\/IMG-20200512-WA0006.jpg 556w, https:\/\/leda158.eu\/wp-content\/uploads\/2023\/01\/IMG-20200512-WA0006-225x300.jpg 225w\" sizes=\"auto, (max-width: 556px) 100vw, 556px\" \/><figcaption class=\"wp-element-caption\">Leszek Hada\u015b, Renia Busza, Aniela i Jurek Wasielewscy<\/figcaption><\/figure>\n<\/div>\n<\/div>\n","protected":false},"excerpt":{"rendered":"<p>S\u0142awka &#8211; lubi Serwy i muzyk\u0119. Dalekie wspomnienia z Daszewa. Starszy brat Wojtek z Ul\u0105 i Magd\u0105. M\u0142odszy brat J\u00f3zek ze Stasi\u0105, obok dzieci &#8211; Maciek, Piotrek i Ola (i Hania Dziubi\u0144ska).<\/p>\n","protected":false},"author":1,"featured_media":0,"parent":15,"menu_order":0,"comment_status":"closed","ping_status":"closed","template":"","meta":{"ngg_post_thumbnail":0,"footnotes":""},"class_list":["post-50","page","type-page","status-publish","hentry"],"_links":{"self":[{"href":"https:\/\/leda158.eu\/index.php?rest_route=\/wp\/v2\/pages\/50","targetHints":{"allow":["GET"]}}],"collection":[{"href":"https:\/\/leda158.eu\/index.php?rest_route=\/wp\/v2\/pages"}],"about":[{"href":"https:\/\/leda158.eu\/index.php?rest_route=\/wp\/v2\/types\/page"}],"author":[{"embeddable":true,"href":"https:\/\/leda158.eu\/index.php?rest_route=\/wp\/v2\/users\/1"}],"replies":[{"embeddable":true,"href":"https:\/\/leda158.eu\/index.php?rest_route=%2Fwp%2Fv2%2Fcomments&post=50"}],"version-history":[{"count":6,"href":"https:\/\/leda158.eu\/index.php?rest_route=\/wp\/v2\/pages\/50\/revisions"}],"predecessor-version":[{"id":834,"href":"https:\/\/leda158.eu\/index.php?rest_route=\/wp\/v2\/pages\/50\/revisions\/834"}],"up":[{"embeddable":true,"href":"https:\/\/leda158.eu\/index.php?rest_route=\/wp\/v2\/pages\/15"}],"wp:attachment":[{"href":"https:\/\/leda158.eu\/index.php?rest_route=%2Fwp%2Fv2%2Fmedia&parent=50"}],"curies":[{"name":"wp","href":"https:\/\/api.w.org\/{rel}","templated":true}]}}