{"id":25,"date":"2023-01-25T17:44:08","date_gmt":"2023-01-25T16:44:08","guid":{"rendered":"https:\/\/leda158.eu\/?page_id=25"},"modified":"2023-02-13T16:31:21","modified_gmt":"2023-02-13T15:31:21","slug":"dziadkowie","status":"publish","type":"page","link":"https:\/\/leda158.eu\/?page_id=25","title":{"rendered":"Dziadkowie"},"content":{"rendered":"\n<figure class=\"wp-block-image size-full\"><img loading=\"lazy\" decoding=\"async\" width=\"800\" height=\"576\" src=\"https:\/\/leda158.eu\/wp-content\/uploads\/2023\/01\/pra.jpg\" alt=\"\" class=\"wp-image-85\" srcset=\"https:\/\/leda158.eu\/wp-content\/uploads\/2023\/01\/pra.jpg 800w, https:\/\/leda158.eu\/wp-content\/uploads\/2023\/01\/pra-300x216.jpg 300w, https:\/\/leda158.eu\/wp-content\/uploads\/2023\/01\/pra-768x553.jpg 768w\" sizes=\"auto, (max-width: 800px) 100vw, 800px\" \/><\/figure>\n\n\n\n<p class=\"has-small-font-size\">Rok 1932. Od g\u00f3ry i lewej strony: Jerzy Mazurek , Leokadia, Zbyszek i Ludwik Michalscy, W\u0142adys\u0142aw Mazurek, Franciszek Grochocki, Marianna i Julian Nowakowscy; rz\u0105d \u015brodkowy: Franciszka Grochocka, J\u00f3zefa Grochocka, Bogdan Grochocki, Helena Mazurek, Romuald Grochocki. Ni\u017cej: Halina Mazurek, Sabina Mazurek, Na samym dole siedz\u0105: Marysia Mazurk\u00f3wna, Zenek Michalski, Janina Grochocka.<\/p>\n\n\n\n<p><\/p>\n\n\n\n<figure class=\"wp-block-gallery has-nested-images columns-default is-cropped wp-block-gallery-1 is-layout-flex wp-block-gallery-is-layout-flex\">\n<figure class=\"wp-block-image size-large\"><img loading=\"lazy\" decoding=\"async\" width=\"366\" height=\"500\" data-id=\"90\" src=\"https:\/\/leda158.eu\/wp-content\/uploads\/2023\/01\/Pradziadek2.jpg\" alt=\"\" class=\"wp-image-90\" srcset=\"https:\/\/leda158.eu\/wp-content\/uploads\/2023\/01\/Pradziadek2.jpg 366w, https:\/\/leda158.eu\/wp-content\/uploads\/2023\/01\/Pradziadek2-220x300.jpg 220w\" sizes=\"auto, (max-width: 366px) 100vw, 366px\" \/><figcaption class=\"wp-element-caption\">Dziadek 'Ci\u2019 \u2013 tzn. trzeci dziadek \u2013 Andrzej G\u00f3ralski<\/figcaption><\/figure>\n\n\n\n<figure class=\"wp-block-image size-large\"><img loading=\"lazy\" decoding=\"async\" width=\"366\" height=\"500\" data-id=\"91\" src=\"https:\/\/leda158.eu\/wp-content\/uploads\/2023\/01\/Zenek2.jpg\" alt=\"\" class=\"wp-image-91\" srcset=\"https:\/\/leda158.eu\/wp-content\/uploads\/2023\/01\/Zenek2.jpg 366w, https:\/\/leda158.eu\/wp-content\/uploads\/2023\/01\/Zenek2-220x300.jpg 220w\" sizes=\"auto, (max-width: 366px) 100vw, 366px\" \/><figcaption class=\"wp-element-caption\">Zenon Michalski \u2013 brat Zbyszka<\/figcaption><\/figure>\n<\/figure>\n\n\n\n<p><\/p>\n\n\n\n<p>Poni\u017cej wielka mi\u0142o\u015b\u0107 Zbyszka Michalskiego &#8211; muzyka.<\/p>\n\n\n\n<figure class=\"wp-block-image size-full\"><img loading=\"lazy\" decoding=\"async\" width=\"800\" height=\"600\" src=\"https:\/\/leda158.eu\/wp-content\/uploads\/2023\/01\/Benefis.jpg\" alt=\"\" class=\"wp-image-96\" srcset=\"https:\/\/leda158.eu\/wp-content\/uploads\/2023\/01\/Benefis.jpg 800w, https:\/\/leda158.eu\/wp-content\/uploads\/2023\/01\/Benefis-300x225.jpg 300w, https:\/\/leda158.eu\/wp-content\/uploads\/2023\/01\/Benefis-768x576.jpg 768w\" sizes=\"auto, (max-width: 800px) 100vw, 800px\" \/><figcaption class=\"wp-element-caption\">Dziadek Zbyszek Michalski i ca\u0142e jego \u017cycie \u2013 \u0141om\u017ca 2003 r. Poni\u017cej Top lista wszechczas\u00f3w.<\/figcaption><\/figure>\n\n\n\n<div class=\"wp-block-columns is-layout-flex wp-container-core-columns-is-layout-28f84493 wp-block-columns-is-layout-flex\">\n<div class=\"wp-block-column is-layout-flow wp-block-column-is-layout-flow\">\n<figure class=\"wp-block-audio\"><audio controls src=\"https:\/\/leda158.eu\/wp-content\/uploads\/2023\/01\/Indenferenc.mp3\"><\/audio><figcaption class=\"wp-element-caption\">Indenferenc<\/figcaption><\/figure>\n\n\n\n<figure class=\"wp-block-audio\"><audio controls src=\"https:\/\/leda158.eu\/wp-content\/uploads\/2023\/01\/Pod-Dachami-Paryza.mp3\"><\/audio><figcaption class=\"wp-element-caption\">Pod dachami Pary\u017ca<\/figcaption><\/figure>\n\n\n\n<figure class=\"wp-block-audio\"><audio controls src=\"https:\/\/leda158.eu\/wp-content\/uploads\/2023\/01\/Lomzynskie-Tango.mp3\"><\/audio><figcaption class=\"wp-element-caption\">\u0141om\u017cy\u0144skie tango<\/figcaption><\/figure>\n<\/div>\n\n\n\n<div class=\"wp-block-column is-layout-flow wp-block-column-is-layout-flow\">\n<figure class=\"wp-block-audio\"><audio controls src=\"https:\/\/leda158.eu\/wp-content\/uploads\/2023\/01\/Przy-Kominku.mp3\"><\/audio><figcaption class=\"wp-element-caption\">Przy kominku<\/figcaption><\/figure>\n\n\n\n<figure class=\"wp-block-audio\"><audio controls src=\"https:\/\/leda158.eu\/wp-content\/uploads\/2023\/01\/Tanczace-Palce.mp3\"><\/audio><figcaption class=\"wp-element-caption\">Ta\u0144cz\u0105ce palce<\/figcaption><\/figure>\n\n\n\n<figure class=\"wp-block-audio\"><audio controls src=\"https:\/\/leda158.eu\/wp-content\/uploads\/2023\/01\/Marsz-Akordeonistow.mp3\"><\/audio><figcaption class=\"wp-element-caption\">Marsz akordeonist\u00f3w<\/figcaption><\/figure>\n<\/div>\n<\/div>\n\n\n\n<figure class=\"wp-block-image aligncenter size-full\"><img loading=\"lazy\" decoding=\"async\" width=\"600\" height=\"844\" src=\"https:\/\/leda158.eu\/wp-content\/uploads\/2023\/01\/HeniaMia.jpg\" alt=\"\" class=\"wp-image-106\" srcset=\"https:\/\/leda158.eu\/wp-content\/uploads\/2023\/01\/HeniaMia.jpg 600w, https:\/\/leda158.eu\/wp-content\/uploads\/2023\/01\/HeniaMia-213x300.jpg 213w\" sizes=\"auto, (max-width: 600px) 100vw, 600px\" \/><figcaption class=\"wp-element-caption\">Henia Michalska<\/figcaption><\/figure>\n\n\n\n<figure class=\"wp-block-image size-full\"><img loading=\"lazy\" decoding=\"async\" width=\"800\" height=\"495\" src=\"https:\/\/leda158.eu\/wp-content\/uploads\/2023\/01\/img049a.jpg\" alt=\"\" class=\"wp-image-206\" srcset=\"https:\/\/leda158.eu\/wp-content\/uploads\/2023\/01\/img049a.jpg 800w, https:\/\/leda158.eu\/wp-content\/uploads\/2023\/01\/img049a-300x186.jpg 300w, https:\/\/leda158.eu\/wp-content\/uploads\/2023\/01\/img049a-768x475.jpg 768w\" sizes=\"auto, (max-width: 800px) 100vw, 800px\" \/><figcaption class=\"wp-element-caption\">Jeszcze jedna pasja dziadka Michalskiego<\/figcaption><\/figure>\n\n\n\n<figure class=\"wp-block-image size-full\"><img loading=\"lazy\" decoding=\"async\" width=\"1024\" height=\"741\" src=\"https:\/\/leda158.eu\/wp-content\/uploads\/2023\/01\/img717.jpg\" alt=\"\" class=\"wp-image-108\" srcset=\"https:\/\/leda158.eu\/wp-content\/uploads\/2023\/01\/img717.jpg 1024w, https:\/\/leda158.eu\/wp-content\/uploads\/2023\/01\/img717-300x217.jpg 300w, https:\/\/leda158.eu\/wp-content\/uploads\/2023\/01\/img717-768x556.jpg 768w\" sizes=\"auto, (max-width: 1024px) 100vw, 1024px\" \/><figcaption class=\"wp-element-caption\">Ko\u0142obrzeg \u2013 4 pokolenia \u2013 kolejno od lewej: Andrzej G\u00f3ralski, Zbyszek Michalski, Micha\u0142 i Zbyszek Dziubi\u0144scy<\/figcaption><\/figure>\n\n\n\n<p><\/p>\n\n\n\n<div class=\"wp-block-columns is-layout-flex wp-container-core-columns-is-layout-28f84493 wp-block-columns-is-layout-flex\">\n<div class=\"wp-block-column is-layout-flow wp-block-column-is-layout-flow\">\n<figure class=\"wp-block-image size-full\"><img loading=\"lazy\" decoding=\"async\" width=\"376\" height=\"587\" src=\"https:\/\/leda158.eu\/wp-content\/uploads\/2023\/01\/TataDz.jpg\" alt=\"\" class=\"wp-image-208\" srcset=\"https:\/\/leda158.eu\/wp-content\/uploads\/2023\/01\/TataDz.jpg 376w, https:\/\/leda158.eu\/wp-content\/uploads\/2023\/01\/TataDz-192x300.jpg 192w\" sizes=\"auto, (max-width: 376px) 100vw, 376px\" \/><figcaption class=\"wp-element-caption\">J\u00f3zef Dziubi\u0144ski<\/figcaption><\/figure>\n<\/div>\n\n\n\n<div class=\"wp-block-column is-layout-flow wp-block-column-is-layout-flow\">\n<figure class=\"wp-block-image size-full\"><img loading=\"lazy\" decoding=\"async\" width=\"376\" height=\"587\" src=\"https:\/\/leda158.eu\/wp-content\/uploads\/2023\/01\/Mama.jpg\" alt=\"\" class=\"wp-image-209\" srcset=\"https:\/\/leda158.eu\/wp-content\/uploads\/2023\/01\/Mama.jpg 376w, https:\/\/leda158.eu\/wp-content\/uploads\/2023\/01\/Mama-192x300.jpg 192w\" sizes=\"auto, (max-width: 376px) 100vw, 376px\" \/><figcaption class=\"wp-element-caption\">Teofila Dziubi\u0144ska<\/figcaption><\/figure>\n<\/div>\n<\/div>\n\n\n\n<p><br><\/p>\n\n\n\n<figure class=\"wp-block-image aligncenter size-full\"><img loading=\"lazy\" decoding=\"async\" width=\"512\" height=\"800\" src=\"https:\/\/leda158.eu\/wp-content\/uploads\/2023\/01\/IMG_7878.jpg\" alt=\"\" class=\"wp-image-110\" srcset=\"https:\/\/leda158.eu\/wp-content\/uploads\/2023\/01\/IMG_7878.jpg 512w, https:\/\/leda158.eu\/wp-content\/uploads\/2023\/01\/IMG_7878-192x300.jpg 192w\" sizes=\"auto, (max-width: 512px) 100vw, 512px\" \/><figcaption class=\"wp-element-caption\">Zaccaria x 3 \u2013 od lewej Matteo, Mario, Luciano \u2013 rok 2017, W\u0142ochy<\/figcaption><\/figure>\n","protected":false},"excerpt":{"rendered":"<p>Rok 1932. Od g\u00f3ry i lewej strony: Jerzy Mazurek , Leokadia, Zbyszek i Ludwik Michalscy, W\u0142adys\u0142aw Mazurek, Franciszek Grochocki, Marianna i Julian Nowakowscy; rz\u0105d \u015brodkowy: Franciszka Grochocka, J\u00f3zefa Grochocka, Bogdan Grochocki, Helena Mazurek, Romuald Grochocki. Ni\u017cej: Halina Mazurek, Sabina Mazurek, Na samym dole siedz\u0105: Marysia Mazurk\u00f3wna, Zenek Michalski, Janina Grochocka. Poni\u017cej wielka mi\u0142o\u015b\u0107 Zbyszka Michalskiego [&hellip;]<\/p>\n","protected":false},"author":1,"featured_media":0,"parent":15,"menu_order":-2,"comment_status":"closed","ping_status":"closed","template":"","meta":{"ngg_post_thumbnail":0,"footnotes":""},"class_list":["post-25","page","type-page","status-publish","hentry"],"_links":{"self":[{"href":"https:\/\/leda158.eu\/index.php?rest_route=\/wp\/v2\/pages\/25","targetHints":{"allow":["GET"]}}],"collection":[{"href":"https:\/\/leda158.eu\/index.php?rest_route=\/wp\/v2\/pages"}],"about":[{"href":"https:\/\/leda158.eu\/index.php?rest_route=\/wp\/v2\/types\/page"}],"author":[{"embeddable":true,"href":"https:\/\/leda158.eu\/index.php?rest_route=\/wp\/v2\/users\/1"}],"replies":[{"embeddable":true,"href":"https:\/\/leda158.eu\/index.php?rest_route=%2Fwp%2Fv2%2Fcomments&post=25"}],"version-history":[{"count":19,"href":"https:\/\/leda158.eu\/index.php?rest_route=\/wp\/v2\/pages\/25\/revisions"}],"predecessor-version":[{"id":875,"href":"https:\/\/leda158.eu\/index.php?rest_route=\/wp\/v2\/pages\/25\/revisions\/875"}],"up":[{"embeddable":true,"href":"https:\/\/leda158.eu\/index.php?rest_route=\/wp\/v2\/pages\/15"}],"wp:attachment":[{"href":"https:\/\/leda158.eu\/index.php?rest_route=%2Fwp%2Fv2%2Fmedia&parent=25"}],"curies":[{"name":"wp","href":"https:\/\/api.w.org\/{rel}","templated":true}]}}