{"id":238,"date":"2023-01-27T08:40:52","date_gmt":"2023-01-27T07:40:52","guid":{"rendered":"https:\/\/leda158.eu\/?page_id=238"},"modified":"2024-05-23T16:17:00","modified_gmt":"2024-05-23T14:17:00","slug":"krew","status":"publish","type":"page","link":"https:\/\/leda158.eu\/?page_id=238","title":{"rendered":"Krew"},"content":{"rendered":"\n<div class=\"wp-block-columns is-layout-flex wp-container-core-columns-is-layout-28f84493 wp-block-columns-is-layout-flex\">\n<div class=\"wp-block-column is-layout-flow wp-block-column-is-layout-flow\">\n<div class=\"wp-block-columns is-layout-flex wp-container-core-columns-is-layout-28f84493 wp-block-columns-is-layout-flex\"><\/div>\n<\/div>\n<\/div>\n\n\n\n<p><strong>Krew &#8211; ochrona \u017cycia<\/strong><\/p>\n\n\n\n<p>W niniejszej cz\u0119\u015bci witryny zebrano kr\u00f3tkie informacje na temat metod alternatywnych stosowanych w lecznictwie i sposob\u00f3w zachowania w sytuacjach zagro\u017cenia zdrowia i \u017cycia.<br>Ka\u017cdy chrze\u015bcijanin respektuje wskaz\u00f3wki ze S\u0142owa Bo\u017cego. Niniejsza witryna mo\u017ce ona pom\u00f3c wszystkim w nale\u017cytym respektowaniu ni\u017cej uwypuklonego Bo\u017cego pogl\u0105du na krew.<\/p>\n\n\n\n<p><strong>Dlaczego przestrzega\u0107?<\/strong><br>\u0179r\u00f3d\u0142em \u017cycia jest Jehowa (Ps 36:9). Cz\u0142owiek nie mo\u017ce przywr\u00f3ci\u0107 odebranego komu\u015b \u017cycia. B\u00f3g oznajmi\u0142: \u201eWszystkie dusze nale\u017c\u0105 do mnie\u201d (Eze 18:4). \u017baden cz\u0142owiek nie ma prawa do odbierania \u017cycia, chyba \u017ce za pozwoleniem Boga i zgodnie z Jego wskaz\u00f3wkami.<\/p>\n\n\n\n<p>Po potopie Noemu i jego synom, przodkom wszystkich \u017cyj\u0105cych dzi\u015b ludzi, nakazano szanowa\u0107 krew, czyli \u017cycie, bli\u017anich (Rdz 9:1, 5, 6). Dotyczy to ca\u0142ej ludzko\u015bci, kt\u00f3ra wywodzi si\u0119 od rodziny Noego. Wtedy te\u017c B\u00f3g Jehowa pozwoli\u0142 ludziom spo\u017cywa\u0107 mi\u0119so zwierz\u0105t &#8211; z zastrze\u017ceniem jednak &#8211; mieli wylewa\u0107 jednak jego krew na ziemi\u0119 jak wod\u0119. Ka\u017cdy, kto by spo\u017cywa\u0142 jak\u0105kolwiek krew, mia\u0142 zosta\u0107 \u201bzg\u0142adzony spo\u015br\u00f3d swego ludu\u2019. Rozmy\u015blne \u0142amanie prawa dotycz\u0105cego \u015bwi\u0119to\u015bci krwi poci\u0105ga\u0142o za sob\u0105 \u015bmier\u0107 (Kp\u0142 7:26, 27; 17:10; Lb 15:30, 31). Ludzie przez wylanie krwi na ziemi\u0119 niejako zwracali j\u0105 Bogu (Pwt 12:15, 16).<br>B\u00f3g zezwoli\u0142 tylko na jeden spos\u00f3b korzystania z krwi \u2014 do cel\u00f3w ofiarnych &#8211; przeb\u0142agania za grzech przez sk\u0142adanie ofiar ze zwierz\u0105t (Kp\u0142 17:10, 11). Ponadto wol\u0105 Boga by\u0142o, by Jego Syn, Jezus Chrystus, z\u0142o\u017cy\u0142 swe doskona\u0142e ludzkie \u017cycie na ofiar\u0119 za nasze grzechy (Heb 10:5, 10). Ofiara z krwi zwierz\u0105t obrazowa\u0142a przysz\u0142e przebaczenie grzech\u00f3w (Wj 24:5-8) i stanowi\u0142a pierwowz\u00f3r ofiary Chrystusa usuwaj\u0105ca grzech (Kp\u0142 16:11, 15-18).<\/p>\n\n\n\n<p>W I w. n.e. cia\u0142o kierownicze zboru chrze\u015bcija\u0144skiego pod wp\u0142ywem ducha \u015bwi\u0119tego podj\u0119\u0142o postanowienie w sprawie krwi: \u201eDuch \u015bwi\u0119ty i my sami uznali\u015bmy za s\u0142uszne nie nak\u0142ada\u0107 na was dodatkowego brzemienia, z wyj\u0105tkiem nast\u0119puj\u0105cych rzeczy koniecznych: macie powstrzymywa\u0107 si\u0119 od tego, co ofiarowano bo\u017ckom, i od krwi, i od tego, co uduszone, i od rozpusty\u2026\u201d (Dz 15:22, 28, 29).<br>Zakaz ten obejmowa\u0142 spo\u017cywanie niewykrwawionego mi\u0119sa (\u201eto, co uduszone\u201d).<\/p>\n\n\n\n<p>Od chwili uprawomocnienia nowego przymierza krwi\u0105 Jezusa Chrystusa chrze\u015bcijanie uznaj\u0105, \u017ce ma ona \u017cyciodajn\u0105 warto\u015b\u0107. (Heb 7:26; 8:3; 9:11, 12). Dzi\u0119ki wierze chrze\u015bcijan w warto\u015b\u0107 krwi Jezusa ich sumienia zostaj\u0105 \u201boczyszczone z martwych uczynk\u00f3w, aby mogli pe\u0142ni\u0107 \u015bwi\u0119t\u0105 s\u0142u\u017cb\u0119 dla Boga \u017cywego\u2019. Chrze\u015bcijanie pragn\u0105 by\u0107 lojalni Jehowie, post\u0119puj\u0105c w taki spos\u00f3b, by nie zlekcewa\u017cy\u0107 ofiary Jezusa, \u201bnie podepta\u0107 jej ani nie uzna\u0107 za pospolit\u0105\u2019. (Heb 9:12, 14, 15; 10:28, 29).<\/p>\n\n\n\n<hr class=\"wp-block-separator has-alpha-channel-opacity\"\/>\n\n\n\n<p><strong>Niekt\u00f3re wersety biblijne dotycz\u0105ce krwi:<\/strong><\/p>\n\n\n\n<figure class=\"wp-block-table\"><table><tbody><tr><td><strong>Werset<\/strong><\/td><td><strong>Tre\u015b\u0107<\/strong><\/td><\/tr><tr><td>1Mo9:4<\/td><td>Tylko mi\u0119sa z jego krwi\u0105 \u2014 jego \u017cyciem \u2014 nie wolno wam je\u015b\u0107.<\/td><\/tr><tr><td>3Mo3:17<\/td><td>&#8230; Nie wolno wam je\u015b\u0107 \u017cadnego t\u0142uszczu ani \u017cadnej krwi.<\/td><\/tr><tr><td>3Mo7:26,27<\/td><td>Ka\u017cdy, kto by jad\u0142 jak\u0105kolwiek krew, zostanie zg\u0142adzony.<\/td><\/tr><tr><td>3Mo17:10-14<\/td><td>\u201eNie wolno wam je\u015b\u0107 krwi \u017cadnego stworzenia, bo krew to \u017cycie ka\u017cdego stworzenia. Kto by j\u0105 jad\u0142, zostanie zg\u0142adzony.<\/td><\/tr><tr><td>3Mo19:26<\/td><td>Nie wolno wam je\u015b\u0107 niczego, co zawiera krew<\/td><\/tr><tr><td>5Mo12:16<\/td><td>Tylko krwi nie wolno wam je\u015b\u0107. Masz j\u0105 wyla\u0107 na ziemi\u0119 jak wod\u0119.<\/td><\/tr><tr><td>5Mo12:23<\/td><td>Tylko b\u0105d\u017acie zdecydowani wystrzega\u0107 si\u0119 jedzenia krwi, bo krew to \u017cycie<br>i nie wolno wam je\u015b\u0107 \u017cycia wraz z mi\u0119sem. Nie wolno wam je\u015b\u0107 krwi. Macie j\u0105 wyla\u0107 na ziemi\u0119 jak wod\u0119.<\/td><\/tr><tr><td>5Mo12:24<\/td><td>Ale jego krwi nie wolno wam je\u015b\u0107. Macie j\u0105 wyla\u0107 na ziemi\u0119 jak wod\u0119.<\/td><\/tr><tr><td>1Sa14:32-34<\/td><td>Nie grzeszcie przeciwko Jehowie, jedz\u0105c mi\u0119so z krwi\u0105.<\/td><\/tr><tr><td>Ez33:25<\/td><td>Jadacie z krwi\u0105, wznosicie oczy ku swoim odra\u017caj\u0105cym bo\u017ckom&#8230;<\/td><\/tr><tr><td>Dz15:20<\/td><td>Wystarczy im napisa\u0107, \u017ceby powstrzymywali si\u0119 od tego, co ofiarowano bo\u017ckom, od niemoralnych kontakt\u00f3w seksualnych, od mi\u0119sa uduszonych zwierz\u0105t i od krwi.<\/td><\/tr><tr><td>Dz15:29<\/td><td>Macie powstrzymywa\u0107 si\u0119 od tego, co ofiarowano bo\u017ckom, od krwi,<br>od mi\u0119sa uduszonych zwierz\u0105t i od niemoralnych kontakt\u00f3w seksualnych.<\/td><\/tr><tr><td>Dz21:25<\/td><td>\u017ceby trzymali si\u0119 z dala od tego, co ofiarowano bo\u017ckom, od krwi,<br>od mi\u0119sa uduszonych zwierz\u0105t i od niemoralnych kontakt\u00f3w seksualnych.<\/td><\/tr><\/tbody><\/table><\/figure>\n\n\n\n<p><\/p>\n\n\n\n<p><\/p>\n\n\n\n<figure class=\"wp-block-image aligncenter size-full\"><img loading=\"lazy\" decoding=\"async\" width=\"320\" height=\"308\" src=\"https:\/\/leda158.eu\/wp-content\/uploads\/2023\/01\/Transfuzja2.png\" alt=\"\" class=\"wp-image-763\" srcset=\"https:\/\/leda158.eu\/wp-content\/uploads\/2023\/01\/Transfuzja2.png 320w, https:\/\/leda158.eu\/wp-content\/uploads\/2023\/01\/Transfuzja2-300x289.png 300w\" sizes=\"auto, (max-width: 320px) 100vw, 320px\" \/><\/figure>\n\n\n\n<div style=\"height:30px\" aria-hidden=\"true\" class=\"wp-block-spacer\"><\/div>\n\n\n\n<p><strong>Godne uwagi<\/strong>:<\/p>\n\n\n\n<p>16 maja to \u015awiatowy Dzie\u0144 Bezkrwawej Chirurgii, kt\u00f3ry ma na celu podniesienie \u015bwiadomo\u015bci wszystkich pacjent\u00f3w na temat technik oszcz\u0119dzania krwi i unikania przetaczania krwi.<br>Tego dnia, w roku 1962, lider wsp\u00f3\u0142czesnej bezkrwawej chirurgii, dr Denton Cooley, przeprowadzi\u0142 u jednego ze \u015awiadk\u00f3w Jehowy pierwsz\u0105 operacj\u0119 na otwartym sercu bez transfuzji krwi.<br>Od tego czasu szeroko zakrojone badania wykaza\u0142y, \u017ce transfuzja krwi cz\u0119sto daje najgorsze wyniki, zwi\u0119kszaj\u0105c ryzyko przeniesienia infekcji.<br>W 2002 roku \u015awiatowa Organizacja Zdrowia okre\u015bli\u0142a opiek\u0119 bezkrwaw\u0105 jako \u201eprost\u0105, bezpieczniejsz\u0105, r\u00f3wnie skuteczn\u0105 i ta\u0144sz\u0105\u201d ni\u017c transfuzja krwi.<\/p>\n\n\n\n<p><a href=\"https:\/\/www.internationaldays.co\/event\/world-bloodless-surgery-day\/r\/rectNsIAtHPO3aZXt\" data-type=\"link\" data-id=\"https:\/\/www.internationaldays.co\/event\/world-bloodless-surgery-day\/r\/rectNsIAtHPO3aZXt\" target=\"_blank\" rel=\"noreferrer noopener\">\u0179r\u00f3d\u0142o<\/a><\/p>\n","protected":false},"excerpt":{"rendered":"<p>Krew &#8211; ochrona \u017cycia W niniejszej cz\u0119\u015bci witryny zebrano kr\u00f3tkie informacje na temat metod alternatywnych stosowanych w lecznictwie i sposob\u00f3w zachowania w sytuacjach zagro\u017cenia zdrowia i \u017cycia.Ka\u017cdy chrze\u015bcijanin respektuje wskaz\u00f3wki ze S\u0142owa Bo\u017cego. Niniejsza witryna mo\u017ce ona pom\u00f3c wszystkim w nale\u017cytym respektowaniu ni\u017cej uwypuklonego Bo\u017cego pogl\u0105du na krew. Dlaczego przestrzega\u0107?\u0179r\u00f3d\u0142em \u017cycia jest Jehowa (Ps 36:9). [&hellip;]<\/p>\n","protected":false},"author":1,"featured_media":0,"parent":17,"menu_order":0,"comment_status":"closed","ping_status":"closed","template":"","meta":{"ngg_post_thumbnail":0,"footnotes":""},"class_list":["post-238","page","type-page","status-publish","hentry"],"_links":{"self":[{"href":"https:\/\/leda158.eu\/index.php?rest_route=\/wp\/v2\/pages\/238","targetHints":{"allow":["GET"]}}],"collection":[{"href":"https:\/\/leda158.eu\/index.php?rest_route=\/wp\/v2\/pages"}],"about":[{"href":"https:\/\/leda158.eu\/index.php?rest_route=\/wp\/v2\/types\/page"}],"author":[{"embeddable":true,"href":"https:\/\/leda158.eu\/index.php?rest_route=\/wp\/v2\/users\/1"}],"replies":[{"embeddable":true,"href":"https:\/\/leda158.eu\/index.php?rest_route=%2Fwp%2Fv2%2Fcomments&post=238"}],"version-history":[{"count":11,"href":"https:\/\/leda158.eu\/index.php?rest_route=\/wp\/v2\/pages\/238\/revisions"}],"predecessor-version":[{"id":1050,"href":"https:\/\/leda158.eu\/index.php?rest_route=\/wp\/v2\/pages\/238\/revisions\/1050"}],"up":[{"embeddable":true,"href":"https:\/\/leda158.eu\/index.php?rest_route=\/wp\/v2\/pages\/17"}],"wp:attachment":[{"href":"https:\/\/leda158.eu\/index.php?rest_route=%2Fwp%2Fv2%2Fmedia&parent=238"}],"curies":[{"name":"wp","href":"https:\/\/api.w.org\/{rel}","templated":true}]}}