{"id":232,"date":"2023-01-27T08:39:44","date_gmt":"2023-01-27T07:39:44","guid":{"rendered":"https:\/\/leda158.eu\/?page_id=232"},"modified":"2024-09-06T12:46:54","modified_gmt":"2024-09-06T10:46:54","slug":"ciekawostki-biblijne","status":"publish","type":"page","link":"https:\/\/leda158.eu\/?page_id=232","title":{"rendered":"Ciekawostki biblijne"},"content":{"rendered":"\n<p class=\"has-large-font-size\"><strong>Biblia a inne \u201e\u015bwi\u0119te pisma\u201d<\/strong><\/p>\n\n\n\n<figure class=\"wp-block-table\"><table><tbody><tr><td><strong>Ksi\u0119ga<\/strong><\/td><td><strong>Kiedy spisana<\/strong><\/td><td><strong>Liczba wyznawc\u00f3w<\/strong><\/td><td><strong>Oddzia\u0142ywanie<\/strong><\/td><td><strong>Uwagi<\/strong><\/td><\/tr><tr><td>Biblia<\/td><td>od 1513 p.n.e. do 98 n.e.<\/td><td>ok. 3 mld<\/td><td>Bardzo szerokie.<\/td><td>Na ca\u0142ym \u015bwiecie. Najwi\u0119ksza ilo\u015b\u0107 t\u0142umacze\u0144 i nak\u0142ad &gt;3mld egzemplarzy<\/td><\/tr><tr><td>Talmud<\/td><td>ok. 500 r. n.e. <\/td><td>ok. 20 mln<\/td><td>Spo\u0142eczno\u015b\u0107 \u017cydowska<\/td><td>Komentarz do Tory (cz\u0119\u015b\u0107 Biblii)<\/td><\/tr><tr><td>Koran<\/td><td>VII w. n.e.<\/td><td>ok. 1,5 mld <\/td><td>Islam. G\u0142\u00f3wnie Afryka i Azja.<\/td><td>Odniesienia do Biblii.<\/td><\/tr><tr><td>Ksi\u0119ga Mormona<\/td><td>1830 r. n.e.<\/td><td>ok. 15 mln<\/td><td>G\u0142\u00f3wnie USA<\/td><td>Odniesienia do Biblii.<\/td><\/tr><\/tbody><\/table><\/figure>\n\n\n\n<p> Wiele religii nie bazuje na jakiej\u015b kodyfikacji. S\u0105 religiami etycznymi. To raczej zbi\u00f3r praktyk pozbawionych ustalonej doktryny.<\/p>\n\n\n\n<p>Czy Stw\u00f3rca daleko przewy\u017cszaj\u0105cy nas m\u0105dro\u015bci\u0105 nie da\u0142by nam jakiego\u015b zestawu wskaz\u00f3wek by\u015bmy mogli prowadzi\u0107 lepsze \u017cycie? By\u0142oby to wyrazem wielkiej mi\u0142o\u015bci do swojego dzie\u0142a.<\/p>\n\n\n\n<p>Czy powy\u017csze zestawienie nie pokazuje na wielk\u0105 przewag\u0119 Biblii nad innymi ksi\u0119gami? Wiele innych cech pozwalaj\u0105 stwierdzi\u0107, \u017ce ta ksi\u0119ga jest godna wnikliwej uwagi.<\/p>\n\n\n\n<p class=\"has-large-font-size\"><strong>Tytu\u0142y Boga<\/strong><\/p>\n\n\n\n<figure class=\"wp-block-table\"><table><tbody><tr><td><strong>Tytu\u0142<\/strong><\/td><td><strong>Tre\u015b\u0107 wersetu<\/strong><\/td><td><strong>Werset<\/strong><\/td><\/tr><tr><td>B\u00f3g<\/td><td>Wtedy us\u0142ysza\u0142em dono\u015bny g\u0142os dobiegaj\u0105cy od tronu: \u201ePopatrz! Przybytek Bo\u017cy jest po\u015br\u00f3d ludzi. I&nbsp;B\u00f3g b\u0119dzie przebywa\u0142 z&nbsp;nimi, a&nbsp;oni b\u0119d\u0105 Jego ludem. B\u0119dzie z&nbsp;nimi sam B\u00f3g.<\/td><td>Ob 21:3<\/td><\/tr><tr><td>Wszechw\u0142adny<\/td><td>Wszechw\u0142adny Panie, Ty stworzy\u0142e\u015b niebo, ziemi\u0119, morze i&nbsp;wszystko, co w&nbsp;nich jest.<\/td><td>Dz 4:25<\/td><\/tr><tr><td>Ojciec<\/td><td>Niech b\u0119dzie wys\u0142awiany B\u00f3g i&nbsp;Ojciec naszego Pana, Jezusa Chrystusa, Ojciec serdecznego wsp\u00f3\u0142czucia i&nbsp;B\u00f3g wszelkiego pocieszenia.<\/td><td>2Kor 1:3<\/td><\/tr><tr><td>Wszechmocny<\/td><td>B\u00f3g z&nbsp;pewno\u015bci\u0105 nie post\u0119puje niegodziwie, Wszechmocny nie wypacza sprawiedliwo\u015bci.<\/td><td>Hi 34:12<\/td><\/tr><tr><td>Mocarz<\/td><td>Dlatego prawdziwy Pan, Jehowa, B\u00f3g Zast\u0119p\u00f3w, Mocarz Izraela, o\u015bwiadcza: \u201eDosy\u0107 tego! Pozb\u0119d\u0119 si\u0119 swoich przeciwnik\u00f3w i&nbsp;wywr\u0119 zemst\u0119 na swych wrogach.<\/td><td>Iz 1:24<\/td><\/tr><tr><td>Stw\u00f3rca<\/td><td>Czy nie wiesz? Czy nie s\u0142ysza\u0142e\u015b? Jehowa, Stw\u00f3rca ca\u0142ej ziemi, jest Bogiem wiecznym. On nigdy si\u0119 nie m\u0119czy ani nie nu\u017cy. Jego m\u0105dro\u015b\u0107 jest niezg\u0142\u0119biona.<\/td><td>Iz 40:28<\/td><\/tr><tr><td>Wykupiciel<\/td><td>Tak m\u00f3wi Jehowa, tw\u00f3j Wykupiciel, \u015awi\u0119ty Izraela: \u201eJa, Jehowa, jestem twoim Bogiem. Ucz\u0119 ci\u0119 tego, co jest dla ciebie najlepsze. Prowadz\u0119 ci\u0119 drog\u0105, kt\u00f3r\u0105 powiniene\u015b i\u015b\u0107.<\/td><td>Iz 48:17<\/td><\/tr><tr><td>Wspania\u0142y Nauczyciel<\/td><td>Chocia\u017c Jehowa b\u0119dzie was karmi\u0142 chlebem udr\u0119ki i&nbsp;poi\u0142 wod\u0105 ucisku, wasz Wspania\u0142y Nauczyciel ju\u017c nie b\u0119dzie si\u0119 ukrywa\u0142 i&nbsp;na w\u0142asne oczy zobaczycie swojego Wspania\u0142ego Nauczyciela.<\/td><td>Iz 30:20<\/td><\/tr><tr><td>Prawodawca, S\u0119dzia<\/td><td>Jest tylko jeden Prawodawca i&nbsp;S\u0119dzia&nbsp;\u2014 Ten, kt\u00f3ry mo\u017ce zar\u00f3wno wybawi\u0107, jak i&nbsp;zg\u0142adzi\u0107. Ale ty kim jeste\u015b, \u017ceby\u015b os\u0105dza\u0142 bli\u017aniego?<\/td><td>Jak 4:12<\/td><\/tr><tr><td>Pan<\/td><td>B\u00f3g, kt\u00f3ry uczyni\u0142 \u015bwiat i&nbsp;wszystko, co na nim, Pan nieba i&nbsp;ziemi, nie mieszka w&nbsp;\u015bwi\u0105tyniach zbudowanych ludzkimi r\u0119kami.<\/td><td>Dz 17:24<\/td><\/tr><tr><td>B\u00f3g Zast\u0119p\u00f3w<\/td><td>Ka\u017cdy b\u0119dzie siedzia\u0142a pod swoj\u0105 winoro\u015bl\u0105 i&nbsp;pod swoim drzewem figowym<br>i&nbsp;nikt nie b\u0119dzie wzbudza\u0142 w&nbsp;nich strachu, bo tak powiedzia\u0142 Jehowa, B\u00f3g Zast\u0119p\u00f3w.<\/td><td>Mich 4:4<\/td><\/tr><tr><td>Wybawca<\/td><td>Jehowa b\u0119dzie mu b\u0142ogos\u0142awi\u0142, jego Wybawca, B\u00f3g, uzna go za prawego<\/td><td>Ps 24:5<\/td><\/tr><tr><td>Ska\u0142a<\/td><td>Ska\u0142a&nbsp;\u2014 doskona\u0142e s\u0105 Jego dzie\u0142a, sprawiedliwe s\u0105 wszystkie Jego drogi.<br>B\u00f3g wierny, kt\u00f3remu niesprawiedliwo\u015b\u0107 jest obca, B\u00f3g prawy i&nbsp;prostolinijny.<\/td><td>5 Mo 32:4<\/td><\/tr><tr><td>Najwy\u017cszy<\/td><td>Niech ludzie wiedz\u0105, \u017ce Ty, kt\u00f3ry masz na imi\u0119 Jehowa, sam jeste\u015b Najwy\u017cszy nad ca\u0142\u0105 ziemi\u0105.<\/td><td>Ps 83:18<\/td><\/tr><tr><td>Istniej\u0105cym od Dni Pradawnych<\/td><td>\u201eA&nbsp;gdy patrzy\u0142em, ustawiono trony i&nbsp;Istniej\u0105cy od Dni Pradawnych zasiad\u0142 na tronie. Jego szaty by\u0142y bia\u0142e jak \u015bnieg, a&nbsp;w\u0142osy na g\u0142owie&nbsp;\u2014 jak czysta we\u0142na. Jego tron przypomina\u0142 p\u0142omienie ognia, ko\u0142a tronu&nbsp;\u2014 p\u0142on\u0105cy ogie\u0144.<\/td><td>Da 7:9<\/td><\/tr><tr><td>Kr\u00f3l Wieczno\u015bci<\/td><td>Kr\u00f3lowi Wieczno\u015bci&nbsp;\u2014 niezniszczalnemu, niewidzialnemu, jedynemu Bogu&nbsp;\u2014 nale\u017cy si\u0119 szacunek i&nbsp;chwa\u0142a po wieczne czasy, ju\u017c na zawsze. Amen.<\/td><td>1Tym 1:17<\/td><\/tr><tr><td>Kr\u00f3l<\/td><td>Tak m\u00f3wi Jehowa, Kr\u00f3l Izraela i jego Wykupiciel, Jehowa, B\u00f3g Zast\u0119p\u00f3w: \u201aJa jestem pierwszy i ja jestem ostatni. Opr\u00f3cz mnie nie ma Boga.<\/td><td>Iz 44:6<\/td><\/tr><tr><td>B\u00f3g pokoju<\/td><td>Wprowadzajcie w&nbsp;czyn to, czego si\u0119 ode mnie nauczyli\u015bcie i&nbsp;co przyj\u0119li\u015bcie, a&nbsp;tak\u017ce co s\u0142yszeli\u015bcie i&nbsp;widzieli\u015bcie, \u017ce sam robi\u0119. A&nbsp;B\u00f3g pokoju b\u0119dzie z&nbsp;wami.<\/td><td>Flp 4:9<\/td><\/tr><tr><td>\u0179r\u00f3d\u0142o<\/td><td>Powiedzia\u0142em Jehowie: \u201eTy jeste\u015b Jehowa, moje \u0179r\u00f3d\u0142o dobroci\u201d.<\/td><td>Ps 16:2<\/td><\/tr><tr><td>Niewidzialny<\/td><td>Dzi\u0119ki wierze opu\u015bci\u0142 Egipt i&nbsp;nie ba\u0142 si\u0119 gniewu kr\u00f3la. Pozostawa\u0142 niez\u0142omny, jak gdyby widzia\u0142 Niewidzialnego.<\/td><td>He 11:27<\/td><\/tr><tr><td>Prawy<\/td><td>Prawy Ojcze, \u015bwiat w&nbsp;rzeczywisto\u015bci Ci\u0119 nie pozna\u0142, ale ja Ci\u0119 znam, a&nbsp;oni zrozumieli, \u017ce to Ty mnie pos\u0142a\u0142e\u015b.<\/td><td>Ja 17:25<\/td><\/tr><tr><td>Wysoki i Wznios\u0142y<\/td><td>Tak m\u00f3wi Wysoki i Wznios\u0142y, kt\u00f3ry \u017cyje wiecznie i kt\u00f3rego imi\u0119 jest \u015bwi\u0119te:<br>\u201eMieszkam na wysoko\u015bci, w \u015bwi\u0119tym miejscu, ale tak\u017ce z tymi, kt\u00f3rzy s\u0105 zdruzgotani i przygn\u0119bieni,<br>\u017ceby zach\u0119ci\u0107 przygn\u0119bionych, \u017ceby wla\u0107 otuch\u0119 w serca zdruzgotanych.\u201d<\/td><td>Iz 57:15<\/td><\/tr><tr><td>Pasterz Izraela<\/td><td>Pos\u0142uchaj, Pasterzu Izraela, Ty, kt\u00f3ry prowadzisz J\u00f3zefa jak trzod\u0119.<\/td><td>Ps 80:1<\/td><\/tr><tr><td>B\u00f3g Jakuba<\/td><td>Rado\u015bnie wo\u0142ajcie do Boga, naszej si\u0142y, tryumfalnie wykrzykujcie do Boga Jakuba.<\/td><td>Ps 81:1<\/td><\/tr><tr><td>Si\u0142a<\/td><td>Moja Si\u0142o, b\u0119d\u0119 Ci\u0119 wyczekiwa\u0142o , bo B\u00f3g jest moim bezpiecznym schronieniem<\/td><td>Ps 59:9<\/td><\/tr><tr><td>Wspania\u0142o\u015b\u0107 Izraela<\/td><td>Ten, kt\u00f3ry jest Wspania\u0142o\u015bci\u0105 Izraela, spe\u0142ni to, co postanowi\u0142, i nie zmieni zdaniaa, bo nie jest cz\u0142owiekiem, \u017ceby musia\u0142 zmienia\u0107 zdanie.<\/td><td>1Sam 15:29<\/td><\/tr><tr><td>Alfa i Omega<\/td><td>\u201eJa jestem Alfa i Omega\u201d, m\u00f3wi B\u00f3g Jehowa, \u201eTen, kt\u00f3ry jest, kt\u00f3ry by\u0142 i kt\u00f3ry przychodzi, Wszechmocny\u201d.<\/td><td>Ob 1:8<\/td><\/tr><\/tbody><\/table><\/figure>\n\n\n\n<p><\/p>\n\n\n\n<hr class=\"wp-block-separator has-alpha-channel-opacity\"\/>\n\n\n\n<p class=\"has-large-font-size\"><strong>Kontrowersyjne fragmenty<\/strong><\/p>\n\n\n\n<p>Wiele os\u00f3b nie mo\u017ce (nie chce, nie potrafi) si\u0119 pogodzi\u0107 z niekt\u00f3rymi interpretacjami pewnych fragment\u00f3w biblijnych. Poni\u017cej odnios\u0142em si\u0119 do kilku spraw \u2013 najbardziej typowych \u2013 i stara\u0142em si\u0119 uzasadni\u0107 to biblijnie. Wnioski mo\u017cesz sam wyci\u0105gn\u0105\u0107.<\/p>\n\n\n\n<figure class=\"wp-block-table\"><table><tbody><tr><td><strong>Temat (pogl\u0105d)<\/strong><\/td><td><strong>Uzasadnienie<\/strong><\/td><\/tr><tr><td>Mordowanie mieszka\u0144c\u00f3w przy wej\u015bciu Izraela do Kanaanu<\/td><td>Zamieszkiwa\u0142y tam plemiona, kt\u00f3re dopuszcza\u0142y si\u0119 haniebnych czyn\u00f3w. M.in. na cze\u015b\u0107 fa\u0142szywych b\u00f3stw palili swych pierworodnych syn\u00f3w w ogniu (2Krl 17:17, Jer 32:35). Panowa\u0142a tam skrajna niemoralno\u015b\u0107. B\u00f3g, w kt\u00f3rego r\u0119ku jest ka\u017cdy \u015bmiertelnik, mia\u0142 prawo w ochronie wybranego ludu dokona\u0107 oczyszczenia, aby zapobiec rozszerzania si\u0119 zepsucia. Takie prawo ma tak\u017ce dzisiaj.<\/td><\/tr><tr><td>Nar\u00f3d wybrany<\/td><td>Ojcem narodu wybranego sta\u0142 si\u0119 Abraham, kt\u00f3ry za bezgraniczne oddanie Bogu zosta\u0142 przez Niego nazwany przyjacielem (Jak. 2:23). Podobn\u0105 bogobojno\u015b\u0107 okazywali jego syn Izaak oraz wnuk Jakub. Jakub zosta\u0142 ojcem 12 syn\u00f3w z kt\u00f3rych wywodzi si\u0119 12 plemion izraelskich. Szczeg\u00f3lne przymierze z tymi pokoleniami zawar\u0142 B\u00f3g u st\u00f3p g\u00f3ry Synaj w 1513 r. p.n.e. gdzie zosta\u0142o przekazane Prawo (w tym 10 przykaza\u0144). U\u015bmiercenie Jezusa by\u0142o powodem zerwania tej umowy. Odt\u0105d cielesny Izrael nie jest ju\u017c narodem wybranym.<\/td><\/tr><tr><td>Nie\u015bmiertelno\u015b\u0107 duszy<\/td><td>S\u0142owo 'dusza\u2019 u\u017cywane w&nbsp;tek\u015bcie oryginalnym Pisma \u015awi\u0119tego mo\u017ce oznacza\u0107 cz\u0142owieka, zwierz\u0119 b\u0105d\u017a te\u017c ich \u017cycie. W Rodzaju 2:7 czytamy: I&nbsp;Jehowa B\u00f3g ukszta\u0142towa\u0142 cz\u0142owieka z&nbsp;prochu ziemi, tchn\u0105\u0142 w&nbsp;jego nozdrza dech \u017cycia i&nbsp;cz\u0142owiek sta\u0142 si\u0119 istot\u0105 \u017cyw\u0105 (lub \u201edusz\u0105\u201d. U\u017cyte tu hebr. s\u0142owo&nbsp;n\u00e9fesz&nbsp;dos\u0142. znaczy \u201eoddychaj\u0105ce stworzenie\u201d). Warto podkre\u015bli\u0107, \u017ce cz\u0142owiek 'sta\u0142 si\u0119\u2019 a nie otrzyma\u0142 co\u015b ekstra w postaci 'duszy\u2019. Mia\u0142 \u017cy\u0107 wiecznie (w przeciwie\u0144stwie do zwierz\u0105t). Niestety grzech pierworodny (wypowiedzenie niepos\u0142usze\u0144stwa Stw\u00f3rcy) sprawi\u0142o, \u017ce \u017cycie cz\u0142owieka zosta\u0142o dramatycznie skr\u00f3cone. W Ezechiela 18:4 czytamy: '\u2026 Dusza, kt\u00f3ra grzeszy, ta umrze\u2019. Tak wi\u0119c nie ma duszy nie\u015bmiertelnej. W celu odzyskania \u017cycia wiecznego potrzebna by\u0142a ofiara doskona\u0142a (wymaganie sprawiedliwo\u015bci Bo\u017cej). Dokona\u0142 tego Jezus. Ta ofiara nie jest automatycznie przypisana ka\u017cdemu. Potrzebne jest pos\u0142usze\u0144stwo, jakie by\u0142o oczekiwane tak\u017ce od pierwszej pary. Ale sposobno\u015b\u0107 do odzyskania \u017cycia wiecznego zosta\u0142a otwarta i mo\u017cna z niej skorzysta\u0107 lub nie.<\/td><\/tr><tr><td>B\u0119dziesz ze mn\u0105 w raju<\/td><td>W Ew. \u0141ukasza 23:43 czytamy: A&nbsp;Jezus rzek\u0142 do niego: \u201eZapewniam ci\u0119 dzisiaj, \u017ce b\u0119dziesz ze mn\u0105 w&nbsp;raju\u201d. Istnieje sprzeczno\u015b\u0107 pogl\u0105d\u00f3w co do umiejscowienia przecinka \u2013 przed czy za s\u0142owem 'dzisiaj\u2019. W oryginalnym zapisie w j\u0119zyku koine (greckim) nie ma przecink\u00f3w. Wsp\u00f3\u0142czesne wymogi gramatyki ka\u017c\u0105 go postawi\u0107. Gdzie? Postawienie za s\u0142owem 'dzisiaj\u2019 jest jedynie logicznym miejscem. Dlaczego? Jezus poszed\u0142 do grobu (gr. hades, heb. szeol), kt\u00f3re to s\u0142owo jest t\u0142umaczeniem s\u0142owa piek\u0142o. Przebywa\u0142 tam 3 dni. Czy to miejsce mia\u0142oby by\u0107 rajem? Ponadto, gdyby Jezus od razu poszed\u0142 do nieba (w domniemaniu do raju) a z nim \u00f3w z\u0142oczy\u0144ca, to by sugerowa\u0142o, \u017ce miejsce raju jest jedynie w niebie. Jezus w kontek\u015bcie zbawienia m\u00f3wi\u0142 o dw\u00f3ch grupach ludzi \u2013 'ma\u0142ej trz\u00f3dce\u2019 oraz o 'drugich owcach\u2019. W Kazaniu na G\u00f3rze powiedzia\u0142 w Mt 5:5: \u201eSzcz\u0119\u015bliwi ci, kt\u00f3rzy s\u0105 \u0142agodni, bo oni odziedzicz\u0105 ziemi\u0119\u201d. W\u0142a\u015bnie ci odziedzicz\u0105 raj na ziemi. Pierwotny raj, w kt\u00f3rym przebywali Adam i Ewa, by\u0142 tak\u017ce na ziemi.<\/td><\/tr><tr><td>S\u0142owo by\u0142 bogiem<\/td><td>W Ew. Jana 1:1 czytamy: \u201eNa pocz\u0105tku by\u0142 S\u0142owo. S\u0142owo by\u0142 u&nbsp;Boga i&nbsp;S\u0142owo by\u0142 bogiem\u201d. Dlaczego by\u0142 a nie by\u0142o? 'S\u0142owo\u2019 jest kojarzone z Jezusem. Okres \u017cycia Jezusa od narodzin do chrztu tj. do sko\u0144czenia 30 lat nie ma wi\u0119kszego znaczenia w por\u00f3wnaniu z tym, czego dokona\u0142 w okresie ostatnich 3,5 roku \u017cycia. To doros\u0142y m\u0119\u017cczyzna \u2013 Jezus \u2013 powinien na nas szczeg\u00f3lnie oddzia\u0142ywa\u0107. Jezus jest naszym Panem \u2013 w\u0142adc\u0105 wyznaczonym przez Boga i jemu powinni\u015bmy by\u0107 pos\u0142uszni. I mo\u017ce dlatego, \u017ce wielu nie chce by\u0107 pos\u0142usznym, to lepiej (bezpieczniej) go odbiera jako ma\u0142e dziecko.<br>Wyraz 'bogiem\u2019 nie oznacza, \u017ce by\u0142 Bogiem. W j\u0119zyku koine (starogreckim &#8211; w jakim spisany by\u0142 NT) orzecznik rzeczownikowy w liczbie pojedynczej nie poprzedzony rodzajnikiem i wyst\u0119puj\u0105cy przed czasownikiem wskazuje na czyj\u0105\u015b cech\u0119.<br>Tak wi\u0119c Jezus by\u0142 'bogiem\u2019 w znaczeniu by\u0142 'boski\u2019.<\/td><\/tr><tr><td>Krew \u2013 zakaz transfuzji<\/td><td>Krew drugiej osoby jest dla naszego organizmu obcym cia\u0142em. Podana w czasie transfuzji zmusza nasz organizm do przeciwdzia\u0142ania. Jest to dodatkowy wysi\u0142ek i tak ju\u017c os\u0142abionego w wyniku choroby organizmu. Mo\u017ce by\u0107 \u017ar\u00f3d\u0142em infekcji. Istnieje wyra\u017any zakaz Bo\u017cy co do jej spo\u017cywania \u2013 a transfuzja takim jest (3Mo17:10-14; Dz15:29). Wi\u0119cej na ten temat na stronie:&nbsp;<a href=\"http:\/\/www.altkrew.leda158.eu\/\">w<\/a><a href=\"https:\/\/leda158.eu\/?page_id=238\">ww.altkrew.leda158.eu<\/a><\/td><\/tr><tr><td>Potop<\/td><td>Stawiany zarzut \u2013 by\u0142a to lokalna pow\u00f3d\u017a. Sk\u0105d tyle wody? Sprawa jest prosta. Wed\u0142ug oblicze\u0144 naukowc\u00f3w obecna ilo\u015b\u0107 wody w oceanach przy wyr\u00f3wnanej powierzchni ziemi pokry\u0142a by j\u0105 na wysoko\u015b\u0107 2000-3000 m. Badania wieku g\u00f3r wskazuj\u0105, \u017ce wszystkie wysokie g\u00f3ry s\u0105 m\u0142ode. Skoro tak, to dawno temu nie by\u0142o wysokich g\u00f3r a jedynie niskie. Szacuje si\u0119, \u017ce g\u0142\u00f3wne ruchy g\u00f3rotw\u00f3rcze mia\u0142y miejsce w\u0142a\u015bnie w okresie potopu. Biblia m\u00f3wi, \u017ce wody pojawi\u0142y si\u0119 z g\u00f3ry i do\u0142u (Rodzaju 7:11). Istnieje hipoteza, \u017ce w g\u0142\u0119bszych warstwach ziemi mog\u0105 by\u0107 zgromadzone olbrzymie ilo\u015bci wody. W wyniku ruch\u00f3w tektonicznych zawory tych dolnych zasob\u00f3w zosta\u0142y otwarte. Tak\u017ce w g\u00f3rze jest wiele wody, a nawet intensywny deszcz uwalnia jedynie niewielki procent zasob\u00f3w chmur. Tak wi\u0119c przedpotopowe zasoby oceaniczne plus zasoby z g\u0142\u0119bin ziemi i chmur, a tak\u017ce istnienie niewielkich wzg\u00f3rz mog\u0142o sprawi\u0107 potop na skal\u0119 og\u00f3lnoziemsk\u0105. Potwierdzaj\u0105 to podania na ten temat ze wszystkich zak\u0105tk\u00f3w ziemi, a tak\u017ce \u015blady geologiczne takiej katastrofy.<\/td><\/tr><tr><td>\u017bycie wieczne<\/td><td>Wielu uwa\u017ca, \u017ce \u017cycie wieczne (Ja 17:3) nie jest mo\u017cliwe. Nie przeszkadza to im jednak wierzy\u0107 w dusz\u0119 nie\u015bmierteln\u0105, czyli trwaj\u0105c\u0105 wiecznie. B\u00f3g uruchomi\u0142 cykle regeneracyjne dla naszego organizmu. Np. krwinki s\u0105 odnawiane co kilka tygodni, a wi\u0119c w swoim \u017cyciu mamy wymienion\u0105 krew setki razy. Dlaczego ten proces nie m\u00f3g\u0142by trwa\u0107 wi\u0119cej? Nasz m\u00f3zg jest wykorzystywany w bardzo niewielkim procencie. Dlaczego B\u00f3g pope\u0142ni\u0142 takie marnotrawstwo? A mo\u017ce m\u00f3zg jest przeznaczony na zdecydowanie d\u0142u\u017csze \u017cycie? \u017bycie pierwszych ludzi trwa\u0142o bardzo d\u0142ugo (1Mo 5:4, Ps 90:10), a w kolejnych pokoleniach stopniowo mala\u0142o. Przypomina\u0142o wentylator, kt\u00f3rego obroty stopniowo malej\u0105 po od\u0142\u0105czeniu od pr\u0105du. Mo\u017ce znowu nabra\u0107 odpowiednich obrot\u00f3w po pod\u0142\u0105czeniu do odpowiedniego \u017ar\u00f3d\u0142a pr\u0105du \u2013 Boga.<\/td><\/tr><tr><td>Armagedon<\/td><td>To 'koniec \u015bwiata\u2019, ale w innym znaczeniu, ni\u017c wielu to sobie wyobra\u017ca. To wojna (Ob 16:16) z&nbsp;udzia\u0142em niewidzialnych zast\u0119p\u00f3w Bo\u017cych (anio\u0142\u00f3w), kt\u00f3rzy zniszcz\u0105 tych, kt\u00f3rzy w wypowiedziach Jezusa wyobra\u017caj\u0105 koz\u0142y (a nie owce). A \u017ce Jezus powiedzia\u0142, \u017ce takich b\u0119dzie wi\u0119kszo\u015b\u0107 (Mt 7:13,14), wi\u0119c jest wyobra\u017cenie o powszechno\u015bci zag\u0142ady. B\u00f3g pragnie wybawienia Jego s\u0142ug (Ps 37:11, Ob 7:14).<br>Armagedon nie b\u0119dzie wi\u0119c katastrof\u0105 o wymiarze kosmicznym (wielka asteroida) czy zag\u0142ad\u0105 nuklearn\u0105 (Ob 11:18). Pilne obserwowanie wydarze\u0144 \u015bwiatowych pozwala dostrzec, \u017ce interwencja Bo\u017ca jest realna w kr\u00f3tkiej perspektywie czasowej.<\/td><\/tr><tr><td>Bracia Jezusa<\/td><td>W&nbsp;Ewangeliach, w&nbsp;Dziejach Apostolskich i&nbsp;dw\u00f3ch listach Paw\u0142a wspomniano o&nbsp;\u201ebraciach Pana\u201d, \u201ebracie Pana\u201d, \u201ejego braciach\u201d i&nbsp;\u201ejego siostrach\u201d. Na og\u00f3\u0142 okre\u015blenie \u201ebracia\u201d by\u0142o przyj\u0119tym sposobem zwracania si\u0119 do grup z\u0142o\u017conych z&nbsp;m\u0119\u017cczyzn i&nbsp;kobiet. W&nbsp;wersecie (Dz 1:14) greckie s\u0142owo adelf\u00f2s zosta\u0142o u\u017cyte w&nbsp;liczbie mnogiej w&nbsp;odniesieniu do przyrodnich braci Jezusa (akceptowane przez wi\u0119kszo\u015b\u0107 biblist\u00f3w), m\u0142odszych syn\u00f3w J\u00f3zefa i&nbsp;Marii.<br>Czy to nie jest cie\u015bla, syn Marii, a&nbsp;brat Jakuba, J\u00f3zefa, Judasa i&nbsp;Szymona? A&nbsp;jego siostry&nbsp;\u2014 czy nie s\u0105 tu w\u015br\u00f3d nas?\u201d. I&nbsp;nie chcieli w&nbsp;niego uwierzy\u0107. Mk 6:3<br>Greckie s\u0142owo w Mt 13:55 adelf\u00f2s (bracia) zosta\u0142o u\u017cyte w&nbsp;odniesieniu do przyrodnich braci Jezusa, m\u0142odszych syn\u00f3w J\u00f3zefa i&nbsp;Marii. Niekt\u00f3rzy uwa\u017caj\u0105, \u017ce po urodzeniu Jezusa Maria pozosta\u0142a dziewic\u0105, i&nbsp;twierdz\u0105, \u017ce u\u017cyte tu s\u0142owo adelf\u00f2s odnosi si\u0119 do kuzyn\u00f3w. Jednak gdy w&nbsp;Chrze\u015bcija\u0144skich Pismach Greckich jest mowa o&nbsp;kuzynie, wyst\u0119puje inne s\u0142owo (gr. anepsi\u00f2s w&nbsp;Kol 4:10). Ww&nbsp;\u0141k 21:16 znajdujemy u\u017cyte w&nbsp;liczbie mnogiej greckie s\u0142owa adelf\u00f2s i&nbsp;syggen\u00e9s (t\u0142umaczone na \u201ebracia\u201d i&nbsp;\u201ekrewni\u201d).<br>W&nbsp;Pismach Greckich s\u0142owa okre\u015blaj\u0105ce pokrewie\u0144stwo zosta\u0142y u\u017cyte w&nbsp;spos\u00f3b celowy, zgodnie ze swoim konkretnym znaczeniem.<br>W Mk 3:31-35\u202fJezus wskazuje na r\u00f3\u017cnic\u0119 mi\u0119dzy swoimi rodzonymi bra\u0107mi&nbsp;a&nbsp;bra\u0107mi duchowymi, czyli uczniami. Bardziej ceni tych kt\u00f3rzy \u201bspe\u0142niaj\u0105 wol\u0119 jego Ojca\u2019 (Mt 12:50).<br>Inne wersety: Ja 7:2-13, Dz 1:14, 15<\/td><\/tr><\/tbody><\/table><\/figure>\n\n\n\n<p><\/p>\n\n\n\n<hr class=\"wp-block-separator has-alpha-channel-opacity\"\/>\n","protected":false},"excerpt":{"rendered":"<p>Biblia a inne \u201e\u015bwi\u0119te pisma\u201d Ksi\u0119ga Kiedy spisana Liczba wyznawc\u00f3w Oddzia\u0142ywanie Uwagi Biblia od 1513 p.n.e. do 98 n.e. ok. 3 mld Bardzo szerokie. Na ca\u0142ym \u015bwiecie. Najwi\u0119ksza ilo\u015b\u0107 t\u0142umacze\u0144 i nak\u0142ad &gt;3mld egzemplarzy Talmud ok. 500 r. n.e. ok. 20 mln Spo\u0142eczno\u015b\u0107 \u017cydowska Komentarz do Tory (cz\u0119\u015b\u0107 Biblii) Koran VII w. n.e. ok. 1,5 [&hellip;]<\/p>\n","protected":false},"author":1,"featured_media":0,"parent":17,"menu_order":0,"comment_status":"closed","ping_status":"closed","template":"","meta":{"ngg_post_thumbnail":0,"footnotes":""},"class_list":["post-232","page","type-page","status-publish","hentry"],"_links":{"self":[{"href":"https:\/\/leda158.eu\/index.php?rest_route=\/wp\/v2\/pages\/232","targetHints":{"allow":["GET"]}}],"collection":[{"href":"https:\/\/leda158.eu\/index.php?rest_route=\/wp\/v2\/pages"}],"about":[{"href":"https:\/\/leda158.eu\/index.php?rest_route=\/wp\/v2\/types\/page"}],"author":[{"embeddable":true,"href":"https:\/\/leda158.eu\/index.php?rest_route=\/wp\/v2\/users\/1"}],"replies":[{"embeddable":true,"href":"https:\/\/leda158.eu\/index.php?rest_route=%2Fwp%2Fv2%2Fcomments&post=232"}],"version-history":[{"count":22,"href":"https:\/\/leda158.eu\/index.php?rest_route=\/wp\/v2\/pages\/232\/revisions"}],"predecessor-version":[{"id":1068,"href":"https:\/\/leda158.eu\/index.php?rest_route=\/wp\/v2\/pages\/232\/revisions\/1068"}],"up":[{"embeddable":true,"href":"https:\/\/leda158.eu\/index.php?rest_route=\/wp\/v2\/pages\/17"}],"wp:attachment":[{"href":"https:\/\/leda158.eu\/index.php?rest_route=%2Fwp%2Fv2%2Fmedia&parent=232"}],"curies":[{"name":"wp","href":"https:\/\/api.w.org\/{rel}","templated":true}]}}