{"id":15,"date":"2023-01-25T17:18:38","date_gmt":"2023-01-25T16:18:38","guid":{"rendered":"https:\/\/leda158.eu\/?page_id=15"},"modified":"2023-01-26T12:47:07","modified_gmt":"2023-01-26T11:47:07","slug":"pokolenia","status":"publish","type":"page","link":"https:\/\/leda158.eu\/?page_id=15","title":{"rendered":"Pokolenia"},"content":{"rendered":"\n<p>Zatrzyma\u0107 czas! Jak bardzo chcemy, aby to o czym ch\u0119tnie wspominamy, nie ulecia\u0142o z pami\u0119ci.<\/p>\n\n\n\n<p>Nasi dziadkowie i rodzice mieli bardzo ci\u0119\u017cko. Spotka\u0142a ich po drodze gehenna II wojny \u015bwiatowej. Moi rodzice jako dzieci musieli ci\u0119\u017cko pracowa\u0107 u bauera, z rodzin\u0105 Hani \u0142\u0105czy si\u0119 przekle\u0144stwo Katynia i Syberii. Ponadto ci\u0119\u017cka praca przez dziesi\u0119ciolecia w szarej rzeczywisto\u015bci socjalizmu.<\/p>\n\n\n\n<p>Ale nasze wspomnienia z dzieci\u0144stwa maj\u0105 zazwyczaj zabarwienie kolorowe \u2013 bo najcz\u0119\u015bciej wspominamy te mi\u0142e chwile.<\/p>\n\n\n\n<p>Zdj\u0119cia w kolejnych zak\u0142adkach przypominaj\u0105 w\u0142a\u015bnie takie momenty.<\/p>\n","protected":false},"excerpt":{"rendered":"<p>Zatrzyma\u0107 czas! Jak bardzo chcemy, aby to o czym ch\u0119tnie wspominamy, nie ulecia\u0142o z pami\u0119ci. Nasi dziadkowie i rodzice mieli bardzo ci\u0119\u017cko. Spotka\u0142a ich po drodze gehenna II wojny \u015bwiatowej. Moi rodzice jako dzieci musieli ci\u0119\u017cko pracowa\u0107 u bauera, z rodzin\u0105 Hani \u0142\u0105czy si\u0119 przekle\u0144stwo Katynia i Syberii. Ponadto ci\u0119\u017cka praca przez dziesi\u0119ciolecia w szarej [&hellip;]<\/p>\n","protected":false},"author":1,"featured_media":0,"parent":0,"menu_order":0,"comment_status":"closed","ping_status":"closed","template":"","meta":{"ngg_post_thumbnail":0,"footnotes":""},"class_list":["post-15","page","type-page","status-publish","hentry"],"_links":{"self":[{"href":"https:\/\/leda158.eu\/index.php?rest_route=\/wp\/v2\/pages\/15","targetHints":{"allow":["GET"]}}],"collection":[{"href":"https:\/\/leda158.eu\/index.php?rest_route=\/wp\/v2\/pages"}],"about":[{"href":"https:\/\/leda158.eu\/index.php?rest_route=\/wp\/v2\/types\/page"}],"author":[{"embeddable":true,"href":"https:\/\/leda158.eu\/index.php?rest_route=\/wp\/v2\/users\/1"}],"replies":[{"embeddable":true,"href":"https:\/\/leda158.eu\/index.php?rest_route=%2Fwp%2Fv2%2Fcomments&post=15"}],"version-history":[{"count":2,"href":"https:\/\/leda158.eu\/index.php?rest_route=\/wp\/v2\/pages\/15\/revisions"}],"predecessor-version":[{"id":83,"href":"https:\/\/leda158.eu\/index.php?rest_route=\/wp\/v2\/pages\/15\/revisions\/83"}],"wp:attachment":[{"href":"https:\/\/leda158.eu\/index.php?rest_route=%2Fwp%2Fv2%2Fmedia&parent=15"}],"curies":[{"name":"wp","href":"https:\/\/api.w.org\/{rel}","templated":true}]}}