{"id":1008,"date":"2024-02-05T15:44:32","date_gmt":"2024-02-05T14:44:32","guid":{"rendered":"https:\/\/leda158.eu\/?page_id=1008"},"modified":"2024-02-05T16:03:33","modified_gmt":"2024-02-05T15:03:33","slug":"kalendarium","status":"publish","type":"page","link":"https:\/\/leda158.eu\/?page_id=1008","title":{"rendered":"Kalendarium"},"content":{"rendered":"\n<p><\/p>\n\n\n\n<figure class=\"wp-block-table\"><table><tbody><tr><td colspan=\"5\"><strong>TABELA WA\u017bNIEJSZYCH DAT OD STWORZENIA CZ\u0141OWIEKA DO ROKU 7000 A.M.<\/strong><\/td><\/tr><tr><td><strong>Data<br>p.n.e.<\/strong><\/td><td><\/td><td><strong>Data<br>Anno Mundi<\/strong><\/td><td><strong>Wydarzenie<\/strong><\/td><td><strong>Odsy\u0142acz<\/strong><\/td><\/tr><tr><td>4026<\/td><td rowspan=\"10\">1656 lat (Genealogia z 1 Moj\u017c. 5:3-28; 7:6)<\/td><td><\/td><td>Stworzenie Adama (wczesn\u0105 jesieni\u0105)<\/td><td>1 Moj\u017c. 2:7<\/td><\/tr><tr><td>3896<\/td><td>130<\/td><td>Narodziny Seta<\/td><td>1 Moj\u017c. 5:3<\/td><\/tr><tr><td>3096<\/td><td>930<\/td><td>\u015amier\u0107 Adama<\/td><td>1 Moj\u017c. 5:5<\/td><\/tr><tr><td>3026<\/td><td>1000<\/td><td>Koniec pierwszego 1000 letniego dnia istnienia cz\u0142owieka<\/td><td><\/td><\/tr><tr><td>2970<\/td><td>1056<\/td><td>Narodziny Noego<\/td><td>1 Moj\u017c. 11:10<\/td><\/tr><tr><td>2468<\/td><td>1558<\/td><td>Narodziny Sema<\/td><td>1 Moj\u017c. 5:27<\/td><\/tr><tr><td>2370<\/td><td>1656<\/td><td>\u015amier\u0107 Matuzalema spadaj\u0105 wody potopu (w listopadzie)<\/td><td>1 Moj\u017c. 7:6, 11<\/td><\/tr><tr><td>2369<\/td><td>1657<\/td><td>Wody potopu ust\u0119puj\u0105. B\u00f3g og\u0142asza prawo o \u015bwi\u0119\u00adto\u015bci krwi<\/td><td>1 Moj\u017c. 9:4-6<\/td><\/tr><tr><td>2368<\/td><td>1658<\/td><td>Narodziny Arfachsada<\/td><td>1 Moj\u017c. 11:10<\/td><\/tr><tr><td>ok.2239<\/td><td>1787<\/td><td>Za\u0142o\u017cenie Babel, bestia wychodzi z morza<\/td><td>1 Moj\u017c. 10:8-12; Obj. 13<\/td><\/tr><tr><td>2026<\/td><td rowspan=\"5\">427 lat (Genealogia z 1 Moj\u017c. 11:10-32; 12:4)<\/td><td>2000<\/td><td>Koniec drugiego 1000-letniego dnia istnienia cz\u0142owieka<\/td><td><\/td><\/tr><tr><td>2018<\/td><td>2008<\/td><td>Narodziny Abrahama<\/td><td>1 Moj\u017c. 11:32; 12:4<\/td><\/tr><tr><td>1943<\/td><td>2083<\/td><td>Zawarcie przymierza Abrahamowego<\/td><td>1 Moj\u017c. 12:4, 7<\/td><\/tr><tr><td>1918<\/td><td>2108<\/td><td>Narodziny Izaaka; pocz\u0105tek okresu \u201eoko\u0142o 450 lat\u201d<\/td><td>1 Moj\u017c. 21:2. 5; Dz. 13:17-20<\/td><\/tr><tr><td>1913<\/td><td>2113<\/td><td>Izaak odstawiony od piersi (w wieku 5 lat); Ismael (maj\u0105c 19 lat) wy\u015bmiewa Izaaka pocz\u0105tek 400 lat utrapienia<\/td><td>1 Moj\u017c. 21:8; 15:13; Dz. 7:6<\/td><\/tr><tr><td>1858<\/td><td rowspan=\"7\">430 lat (2 Moj\u017c. 12:40, 41; Gal. 3:17) 215 lat<\/td><td>2168<\/td><td>Narodziny Ezawa i Jakuba<\/td><td>1 Moj\u017c. 25:26<\/td><\/tr><tr><td>1737<\/td><td>2289<\/td><td>J\u00f3zef zostaje premierem Egiptu<\/td><td>1 Moj\u017c. 41:40, 46<\/td><\/tr><tr><td>1728<\/td><td>2298<\/td><td>Jakub udaje si\u0119 z rodzin\u0105 do Egiptu<\/td><td>1 Moj\u017c. 47:9<\/td><\/tr><tr><td>1600<\/td><td>po 2426<\/td><td>Egipt wybija si\u0119 jako pierwsze mocarstwo \u015bwiatowe<\/td><td>2 Moj\u017c. 1:8<\/td><\/tr><tr><td>1593<\/td><td>2433<\/td><td>Narodziny Moj\u017cesza<\/td><td>5 Moj\u017c. 34:7<\/td><\/tr><tr><td>1513<\/td><td>2513<\/td><td>Pascha; Izrael opuszcza Egipt; koniec 400 lat utrapienia, zawarcie przymierza Prawa u st\u00f3p Synaju<\/td><td>2 Moj\u017c. 12:12, 40, 41; 2 Moj\u017c. 15:13, 14; 2 Moj\u017c. 24:6-8<\/td><\/tr><tr><td>1473<\/td><td>2553<\/td><td>Izrael wkracza do Kanaanu pod dow\u00f3dztwem Jozuego; 10 Tiszn (Etanim) zaczyna si\u0119 obliczanie lat jubileuszowych<\/td><td>Joz. 5:6; 3 Moj\u017c. 25<\/td><\/tr><tr><td>1467<\/td><td rowspan=\"7\">479 lat (1 Kr\u00f3l. 6:1)<\/td><td>2559<\/td><td>Koniec dzia\u0142a\u0144 wojennych Jozuego w Kanaanie; koniec \u201eoko\u0142o 450 lat\u201d z Dziej\u00f3w 13:17-20; rozpoczyna si\u0119 pierwszy w Izraelu rok sabatni (jesieni\u0105) pocz\u0105tek 350-letniego okresu s\u0119dzi\u00f3w<\/td><td>Joz. 11:23; 14:7, 10-15; 3 Moj\u017c. 25:1-7<\/td><\/tr><tr><td>1424<\/td><td>2602<\/td><td>Pierwszy rok jubileuszowy, zaczyna si\u0119 w dniu 10 Tiszri (Etanim)<\/td><td>3 Moj\u017c. 25:8-12<\/td><\/tr><tr><td>1117<\/td><td>2909<\/td><td>Saul namaszczony na kr\u00f3la Izraela<\/td><td>1 Sam. 10:24<\/td><\/tr><tr><td>1077<\/td><td>2949<\/td><td>Dawid zostaje kr\u00f3lem<\/td><td>Dz. 13:21. 22<\/td><\/tr><tr><td>1037<\/td><td>2989<\/td><td>Salomon wst\u0119puje na tron po Dawidzie<\/td><td>1 Kr\u00f3l. 2:11, 12<\/td><\/tr><tr><td>1034<\/td><td>2992<\/td><td>Budowa \u015bwi\u0105tyni Salomona rozpocz\u0119ta 4 roku jego panowania (wiosn\u0105)<\/td><td>1 Kr\u00f3l. 6:1<\/td><\/tr><tr><td>1026<\/td><td>3000<\/td><td>Koniec trzeciego 1000-letniego dnia istnienia cz\u0142owieka<\/td><td><\/td><\/tr><tr><td>997<\/td><td rowspan=\"7\">(Od rozpocz\u0119cia budowy \u015bwi\u0105tyni Salomona do spustoszenia Jeruzalem 1 Kr\u00f3l. 6:1; 11:42, 43; Ezech. 4:5, 6)<\/td><td>3029<\/td><td>Roboam wst\u0119puje na tron po Salomonie; od\u0142\u0105czenie si\u0119 10 pokole\u0144<\/td><td>1 Kr\u00f3l. 11:42, 43<\/td><\/tr><tr><td>740<\/td><td>3286<\/td><td>Asyria, drugie mocarstwo \u015bwiatowe, podbija Izraela i zdobywa Samari\u0119<\/td><td>2 Kr\u00f3l. 17:6, 13, 18<\/td><\/tr><tr><td>625<\/td><td>3401<\/td><td>Nabuchodonozor kr\u00f3lem Babilonu, trzeciego mocar\u00adstwa \u015bwiatowego<\/td><td>Jer. 25:1<\/td><\/tr><tr><td>624<\/td><td>3402<\/td><td>Rozpoczyna si\u0119 17 rok jubileuszowy<\/td><td>3 Moj\u017c. 25<\/td><\/tr><tr><td>617<\/td><td>3409<\/td><td>Nabuchodonozor uprowadza do Babilonu pierwszych je\u0144c\u00f3w \u017cydowskich<\/td><td>2 Kr\u00f3l. 24:12-18<\/td><\/tr><tr><td>607<\/td><td>3419<\/td><td>Nabuchodonozor oblega i zdobywa Jeruzalem; \u015bwi\u0105tynia zr\u00f3wnana z ziemi\u0105, Jeruzalem zburzone (w 5 miesi\u0105cu); wyludnione (w 7 miesi\u0105cu); pocz\u0105\u00adtek 70 lat opustoszenia; pocz\u0105tek siedmiu czas\u00f3w pogan<\/td><td>2 Kr\u00f3l. 25:3-7, 8-10; Jer. 52:12-14; 2 Kr\u00f3l. 25:25, 26<\/td><\/tr><tr><td>539<\/td><td>3487<\/td><td>Babilon dostaje si\u0119 w r\u0119ce Med\u00f3w i Pers\u00f3w; Medo-Persja staje si\u0119 czwartym mocarstwem \u015bwiato\u00adwym; panuje Dariusz<\/td><td>Dan. 5:30, 31<\/td><\/tr><tr><td>537<\/td><td rowspan=\"3\">70 lat (opustoszenie Jeruzalem i Judy)<\/td><td>3489<\/td><td>Cyrus Pers wydaje (w pierwszym roku panowania) dekret w sprawie powrotu \u017byd\u00f3w<\/td><td>2 Kron. 36:22, 23<\/td><\/tr><tr><td>516<\/td><td>3510<\/td><td>Zorobabel ko\u0144czy budow\u0119 drugiej \u015bwi\u0105tyni<\/td><td>Ezdr. 6:14, 15<\/td><\/tr><tr><td>455<\/td><td>3571<\/td><td>Nehemiasz odbudowuje mury Jeruzalem; zaczyna si\u0119 spe\u0142nia\u0107 70 tygodni z Dan. 9:24<\/td><td>Neh. 1:3; 2:1, 11; 6:15; Dan. 9:24<\/td><\/tr><tr><td>332<\/td><td><\/td><td>3694<\/td><td>Judea rz\u0105dzi Grecja, pi\u0105te mocarstwo \u015bwiatowe<\/td><td>Dan. 8:21<\/td><\/tr><tr><td>63<\/td><td><\/td><td>3963<\/td><td>Judea rz\u0105dzi Rzym, sz\u00f3ste mocarstwo \u015bwiatowe<\/td><td>Jana 19:15; Obj. 17:10<\/td><\/tr><tr><td>26<\/td><td><\/td><td>4000<\/td><td>Koniec czwartego 1000-letniego dnia istnienia cz\u0142owieka<\/td><td><\/td><\/tr><tr><td>2<\/td><td><\/td><td>4024<\/td><td>Narodziny Jana Chrzciciela i Jezusa<\/td><td>\u0141uk. 1:60; 2:7<\/td><\/tr><tr><td>Data n.e. 29<\/td><td><\/td><td>4054<\/td><td>(Jesie\u0144) Jezus ochrzczony, namaszczony; koniec 89 \u201etygodnia&#8221; z Dan. 9:24<\/td><td>\u0141uk. 3:1, 2, 23<\/td><\/tr><tr><td>33<\/td><td><\/td><td>4058<\/td><td>14 Nisan: Jezus ustanawia Wieczerz\u0119 Pa\u0144sk\u0105; zostaje przybity do pala; po\u0142owa 70 \u201etygodnia&#8221; z Dan. 9:24 16 Nisan: Jezus, zostaje wskrzeszony; 6 Siwan: Pi\u0119\u0107dziesi\u0105tnica; wylanie ducha \u015bwi\u0119tego; za\u0142o\u017cenie zboru chrze\u015bcija\u0144skiego; Piotr u\u017cywa pierwszego klucza<\/td><td>\u0141uk. 22:20; 23:33; Mat. 28:1-10; Dz. 2:1-4, 14<\/td><\/tr><tr><td>36<\/td><td><\/td><td>4061<\/td><td>Piotr u\u017cywa drugiego klucza; namaszczenie i chrzest rzymskiego setnika Korneliusza; koniec 70 tygodni lat<\/td><td>Dz. 10:34-48<\/td><\/tr><tr><td>ok. 49<\/td><td><\/td><td>4074<\/td><td>Rada aposto\u0142\u00f3w i starszych w Jeruzalem podejmuje decyzj\u0119 przeciw u\u017cywaniu krwi i tego, co uduszone<\/td><td>Dz. 15<\/td><\/tr><tr><td>70<\/td><td><\/td><td>4095<\/td><td>Rzymianie burz\u0105 Jeruzalem i \u015bwi\u0105tyni\u0119<\/td><td>Dan. 9:27: \u0141uk. 19:42-44<\/td><\/tr><tr><td>73<\/td><td><\/td><td>4098<\/td><td>Masada, ostatnia twierdza \u017cydowska, dostaje si\u0119 w r\u0119ce Rzymian<\/td><td><\/td><\/tr><tr><td>ok. 100<\/td><td><\/td><td>4125<\/td><td>Umiera Jan, ostatni aposto\u0142<\/td><td>2 Tes. 2:7<\/td><\/tr><tr><td>131<\/td><td><\/td><td>4156<\/td><td>Cesarz Hadrian odbudowuje Jerozolim\u0119, czyni\u0105c z niej koloni\u0119 rzymsk\u0105 Aelia Capitolina<\/td><td><\/td><\/tr><tr><td>325<\/td><td><\/td><td>4350<\/td><td>Cesarz rzymski Konstantyn, Pontifex Maximus, zwo\u0142uje do Nicei pierwszy sob\u00f3r powszechny biskup\u00f3w<\/td><td><\/td><\/tr><tr><td>378<\/td><td><\/td><td>4403<\/td><td>Damazy, biskup rzymski, przejmuje tytu\u0142 Pontifexa Maximusa<\/td><td><\/td><\/tr><tr><td>386<\/td><td><\/td><td>4411<\/td><td>Augustyn przechodzi na rzymski katolicyzm<\/td><td><\/td><\/tr><tr><td>800<\/td><td><\/td><td>4825<\/td><td>Papie\u017c Leon III koronuje kr\u00f3la Frank\u00f3w Karola Wielkiego<\/td><td><\/td><\/tr><tr><td>975<\/td><td><\/td><td>5000<\/td><td>Koniec pi\u0105tego 1000-letniego dnia istnienia cz\u0142owieka<\/td><td><\/td><\/tr><tr><td>1530<\/td><td><\/td><td>5555<\/td><td colspan=\"2\">Za\u0142o\u017cenie zwi\u0105zku protestanckiego w Szmalkaldzie<\/td><\/tr><tr><td>1763<\/td><td><\/td><td>5788<\/td><td colspan=\"2\">Wielka Brytania pojawia si\u0119 na widowni jako si\u00f3dme mocarstwo \u015bwiatowe<\/td><\/tr><tr><td>1806<\/td><td><\/td><td>5831<\/td><td colspan=\"2\">Koniec \u015awi\u0119tego Cesarstwa Rzymskiego<\/td><\/tr><tr><td>1879<\/td><td><\/td><td>5904<\/td><td colspan=\"2\">(Lipiec) Wychodzi pierwszy numer Zion&#8217;s Watch Tower (Stra\u017cnica Syjo\u0144ska)<\/td><\/tr><tr><td>1884<\/td><td><\/td><td>5909<\/td><td colspan=\"2\">Prawne zarejestrowanie Zion&#8217;s Watch Tower Tract Society (obecnie Watch Tower Bible and Tract Society of Pennsylvania)<\/td><\/tr><tr><td>1914<\/td><td><\/td><td>5939<\/td><td colspan=\"2\">(Pa\u017adziernik) Koniec czas\u00f3w pogan; szaleje pierwsza wojna \u015bwiatowa<\/td><\/tr><tr><td>1916<\/td><td><\/td><td>5941<\/td><td colspan=\"2\">The Watch Tower (z 1 stycznia) opowiada si\u0119 za neutralno\u015bci\u0105 chrze\u015bcija\u0144sk\u0105<\/td><\/tr><tr><td>1918<\/td><td><\/td><td>5943<\/td><td colspan=\"2\">Uwi\u0119zienie przedstawicieli Watch Tower Society (w czerwcu); w listopadzie ko\u0144czy si\u0119 pierwsza wojna \u015bwiatowa<\/td><\/tr><tr><td>1919<\/td><td><\/td><td>5944<\/td><td colspan=\"2\">(Marzec) Zwolnienie, a w nast\u0119pnym roku uniewinnienie przedstawicieli Watch Tower Society<\/td><\/tr><tr><td>1920<\/td><td><\/td><td>5945<\/td><td colspan=\"2\">Rozpoczynaj\u0105 si\u0119 sesje Ligi Narod\u00f3w, \u00f3smego mocarstwa \u015bwiatowego<\/td><\/tr><tr><td>1931<\/td><td><\/td><td>5956<\/td><td colspan=\"2\">(26 lipca) Przyj\u0119cie nazwy \u201e\u015bwiadkowie Jehowy&#8221;<\/td><\/tr><tr><td>1935<\/td><td><\/td><td>5960<\/td><td colspan=\"2\">\u201eWielki lud&#8221; z Objawienia 7:9-17 rozpoznany i opisany na zgromadzeniu w Waszyngtonie oraz w Stra\u017cnicy<\/td><\/tr><tr><td>1938<\/td><td><\/td><td>5963<\/td><td colspan=\"2\">Chrze\u015bcija\u0144scy \u015bwiadkowie Jehowy zorganizowani w spos\u00f3b ca\u0142kowicie teokratyczny (Wrzesie\u0144)<\/td><\/tr><tr><td>1939<\/td><td><\/td><td>1964<\/td><td colspan=\"2\">Wybuch drugiej wojny \u015bwiatowej; Liga Narod\u00f3w przestaje dzia\u0142a\u0107<\/td><\/tr><tr><td>1945<\/td><td><\/td><td>5970<\/td><td colspan=\"2\">(Wrzesie\u0144) koniec drugiej wojny \u015bwiatowej; (pa\u017adziernik) ratyfikowanie Karty Organizacji Narod\u00f3w Zjednoczonych<\/td><\/tr><tr><td>1963<\/td><td><\/td><td>5988<\/td><td colspan=\"2\">Papie\u017c Jan XXIII og\u0142asza na soborze encyklik\u0119 \u201ePacem in terris&#8221;, w kt\u00f3rej s\u0142awi Organizacj\u0119 Narod\u00f3w Zjednoczonych<\/td><\/tr><tr><td>1965<\/td><td><\/td><td>5990<\/td><td colspan=\"2\">(4 pa\u017adziernika) Papie\u017c Pawe\u0142 VI odwiedza g\u0142\u00f3wn\u0105 siedzib\u0119 ONZ w Nowym Jorku, udziela poparcia Organizacji Narod\u00f3w Zjednoczonych<\/td><\/tr><tr><td>1975<\/td><td><\/td><td>6000<\/td><td colspan=\"2\">Koniec sz\u00f3stego 1000-letniego dnia istnienia cz\u0142owieka (wczesn\u0105 jesieni\u0105)<\/td><\/tr><tr><td>2975<\/td><td><\/td><td>7000<\/td><td colspan=\"2\">Koniec si\u00f3dmego 1000-letniego dnia istnienia cz\u0142owieka (wczesn\u0105 jesieni\u0105)<\/td><\/tr><\/tbody><\/table><\/figure>\n","protected":false},"excerpt":{"rendered":"<p>TABELA WA\u017bNIEJSZYCH DAT OD STWORZENIA CZ\u0141OWIEKA DO ROKU 7000 A.M. Datap.n.e. DataAnno Mundi Wydarzenie Odsy\u0142acz 4026 1656 lat (Genealogia z 1 Moj\u017c. 5:3-28; 7:6) Stworzenie Adama (wczesn\u0105 jesieni\u0105) 1 Moj\u017c. 2:7 3896 130 Narodziny Seta 1 Moj\u017c. 5:3 3096 930 \u015amier\u0107 Adama 1 Moj\u017c. 5:5 3026 1000 Koniec pierwszego 1000 letniego dnia istnienia cz\u0142owieka 2970 [&hellip;]<\/p>\n","protected":false},"author":1,"featured_media":0,"parent":17,"menu_order":0,"comment_status":"closed","ping_status":"closed","template":"","meta":{"ngg_post_thumbnail":0,"footnotes":""},"class_list":["post-1008","page","type-page","status-publish","hentry"],"_links":{"self":[{"href":"https:\/\/leda158.eu\/index.php?rest_route=\/wp\/v2\/pages\/1008","targetHints":{"allow":["GET"]}}],"collection":[{"href":"https:\/\/leda158.eu\/index.php?rest_route=\/wp\/v2\/pages"}],"about":[{"href":"https:\/\/leda158.eu\/index.php?rest_route=\/wp\/v2\/types\/page"}],"author":[{"embeddable":true,"href":"https:\/\/leda158.eu\/index.php?rest_route=\/wp\/v2\/users\/1"}],"replies":[{"embeddable":true,"href":"https:\/\/leda158.eu\/index.php?rest_route=%2Fwp%2Fv2%2Fcomments&post=1008"}],"version-history":[{"count":5,"href":"https:\/\/leda158.eu\/index.php?rest_route=\/wp\/v2\/pages\/1008\/revisions"}],"predecessor-version":[{"id":1015,"href":"https:\/\/leda158.eu\/index.php?rest_route=\/wp\/v2\/pages\/1008\/revisions\/1015"}],"up":[{"embeddable":true,"href":"https:\/\/leda158.eu\/index.php?rest_route=\/wp\/v2\/pages\/17"}],"wp:attachment":[{"href":"https:\/\/leda158.eu\/index.php?rest_route=%2Fwp%2Fv2%2Fmedia&parent=1008"}],"curies":[{"name":"wp","href":"https:\/\/api.w.org\/{rel}","templated":true}]}}